{"id":1240,"date":"2023-12-18T02:25:05","date_gmt":"2023-12-18T01:25:05","guid":{"rendered":"https:\/\/megafitness.cl\/store\/?post_type=product&#038;p=1240"},"modified":"2024-02-12T16:04:15","modified_gmt":"2024-02-12T15:04:15","slug":"fid-bench-ts015l-banco-plano-comercial-de-servicio-pesado","status":"publish","type":"product","link":"https:\/\/megafitness.cl\/store\/producto\/fid-bench-ts015l-banco-plano-comercial-de-servicio-pesado\/","title":{"rendered":"Fid Bench TS015L Banco Plano Comercial de Servicio Pesado"},"content":{"rendered":"<p>Si desea la capacidad de realizar todos los ejercicios b\u00e1sicos de barra y mancuernas, \u00a1este banco plano deber\u00eda ser su elecci\u00f3n! Aumenta tu fuerza y flexibilidad con este banco de entrenamiento ultra resistente. La tapicer\u00eda extra gruesa agrega comodidad y estabilidad a su rutina de ejercicios. La almohadilla se coloca en el mainframe comercial AmStaff de 2&#8243; x 3&#8243;.<\/p>\n<p>Detalles del producto: &#8211; Perfecto para todos los ejercicios b\u00e1sicos de barra y mancuerna &#8211; Mainframe comercial de acero de calibre pesado de 2 \u00abx 3\u00bb &#8211; La base ancha elimina el balanceo &#8211; Ideal para uso dom\u00e9stico y comercial &#8211; 17 \u00abH x 45\u00bb L x 26 \u00abW<\/p>\n","protected":false},"excerpt":{"rendered":"<p>Si desea la capacidad de realizar todos los ejercicios b\u00e1sicos de barra y mancuernas, \u00a1este banco plano deber\u00eda ser su elecci\u00f3n! Aumenta tu fuerza y flexibilidad con este banco de entrenamiento ultra resistente. La tapicer\u00eda extra gruesa agrega comodidad y estabilidad a su rutina de ejercicios. La almohadilla se coloca en el mainframe comercial AmStaff&#8230;<\/p>\n","protected":false},"featured_media":1241,"comment_status":"open","ping_status":"closed","template":"","meta":{"_kad_post_transparent":"default","_kad_post_title":"","_kad_post_layout":"default","_kad_post_sidebar_id":"","_kad_post_content_style":"default","_kad_post_vertical_padding":"default","_kad_post_feature":"","_kad_post_feature_position":"","_kad_post_header":false,"_kad_post_footer":false,"_kad_post_classname":""},"product_brand":[],"product_cat":[28],"product_tag":[],"class_list":{"0":"post-1240","1":"product","2":"type-product","3":"status-publish","4":"has-post-thumbnail","6":"product_cat-power-rack","8":"first","9":"outofstock","10":"sale","11":"shipping-taxable","12":"purchasable","13":"product-type-simple","14":"entry","15":"content-bg","16":"loop-entry"},"yoast_head":"<!-- This site is optimized with the Yoast SEO plugin v27.5 - https:\/\/yoast.com\/product\/yoast-seo-wordpress\/ -->\n<title>Fid Bench TS015L Banco Plano Comercial de Servicio Pesado| Mega Fitness | Tienda<\/title>\n<meta name=\"robots\" content=\"index, follow, max-snippet:-1, max-image-preview:large, max-video-preview:-1\" \/>\n<link rel=\"canonical\" href=\"https:\/\/megafitness.cl\/store\/producto\/fid-bench-ts015l-banco-plano-comercial-de-servicio-pesado\/\" \/>\n<meta property=\"og:locale\" content=\"es_ES\" \/>\n<meta property=\"og:type\" content=\"article\" \/>\n<meta property=\"og:title\" content=\"Fid Bench TS015L Banco Plano Comercial de Servicio Pesado| Mega Fitness | Tienda\" \/>\n<meta property=\"og:description\" content=\"Si desea la capacidad de realizar todos los ejercicios b\u00e1sicos de barra y mancuernas, \u00a1este banco plano deber\u00eda ser su elecci\u00f3n! Aumenta tu fuerza y flexibilidad con este banco de entrenamiento ultra resistente. La tapicer\u00eda extra gruesa agrega comodidad y estabilidad a su rutina de ejercicios. La almohadilla se coloca en el mainframe comercial AmStaff...\" \/>\n<meta property=\"og:url\" content=\"https:\/\/megafitness.cl\/store\/producto\/fid-bench-ts015l-banco-plano-comercial-de-servicio-pesado\/\" \/>\n<meta property=\"og:site_name\" content=\"Mega Fitness | Tienda\" \/>\n<meta property=\"article:modified_time\" content=\"2024-02-12T15:04:15+00:00\" \/>\n<meta property=\"og:image\" content=\"https:\/\/megafitness.cl\/store\/wp-content\/uploads\/sites\/3\/2023\/12\/power-rack-1.webp\" \/>\n\t<meta property=\"og:image:width\" content=\"500\" \/>\n\t<meta property=\"og:image:height\" content=\"500\" \/>\n\t<meta property=\"og:image:type\" content=\"image\/webp\" \/>\n<meta name=\"twitter:card\" content=\"summary_large_image\" \/>\n<meta name=\"twitter:label1\" content=\"Tiempo de lectura\" \/>\n\t<meta name=\"twitter:data1\" content=\"1 minuto\" \/>\n<script type=\"application\/ld+json\" class=\"yoast-schema-graph\">{\"@context\":\"https:\\\/\\\/schema.org\",\"@graph\":[{\"@type\":[\"WebPage\",\"ItemPage\"],\"@id\":\"https:\\\/\\\/megafitness.cl\\\/store\\\/producto\\\/fid-bench-ts015l-banco-plano-comercial-de-servicio-pesado\\\/\",\"url\":\"https:\\\/\\\/megafitness.cl\\\/store\\\/producto\\\/fid-bench-ts015l-banco-plano-comercial-de-servicio-pesado\\\/\",\"name\":\"Fid Bench TS015L Banco Plano Comercial de Servicio Pesado| Mega Fitness | Tienda\",\"isPartOf\":{\"@id\":\"https:\\\/\\\/megafitness.cl\\\/store\\\/#website\"},\"primaryImageOfPage\":{\"@id\":\"https:\\\/\\\/megafitness.cl\\\/store\\\/producto\\\/fid-bench-ts015l-banco-plano-comercial-de-servicio-pesado\\\/#primaryimage\"},\"image\":{\"@id\":\"https:\\\/\\\/megafitness.cl\\\/store\\\/producto\\\/fid-bench-ts015l-banco-plano-comercial-de-servicio-pesado\\\/#primaryimage\"},\"thumbnailUrl\":\"https:\\\/\\\/megafitness.cl\\\/store\\\/wp-content\\\/uploads\\\/sites\\\/3\\\/2023\\\/12\\\/power-rack-1.webp\",\"datePublished\":\"2023-12-18T01:25:05+00:00\",\"dateModified\":\"2024-02-12T15:04:15+00:00\",\"breadcrumb\":{\"@id\":\"https:\\\/\\\/megafitness.cl\\\/store\\\/producto\\\/fid-bench-ts015l-banco-plano-comercial-de-servicio-pesado\\\/#breadcrumb\"},\"inLanguage\":\"es\",\"potentialAction\":[{\"@type\":\"ReadAction\",\"target\":[\"https:\\\/\\\/megafitness.cl\\\/store\\\/producto\\\/fid-bench-ts015l-banco-plano-comercial-de-servicio-pesado\\\/\"]}]},{\"@type\":\"ImageObject\",\"inLanguage\":\"es\",\"@id\":\"https:\\\/\\\/megafitness.cl\\\/store\\\/producto\\\/fid-bench-ts015l-banco-plano-comercial-de-servicio-pesado\\\/#primaryimage\",\"url\":\"https:\\\/\\\/megafitness.cl\\\/store\\\/wp-content\\\/uploads\\\/sites\\\/3\\\/2023\\\/12\\\/power-rack-1.webp\",\"contentUrl\":\"https:\\\/\\\/megafitness.cl\\\/store\\\/wp-content\\\/uploads\\\/sites\\\/3\\\/2023\\\/12\\\/power-rack-1.webp\",\"width\":500,\"height\":500},{\"@type\":\"BreadcrumbList\",\"@id\":\"https:\\\/\\\/megafitness.cl\\\/store\\\/producto\\\/fid-bench-ts015l-banco-plano-comercial-de-servicio-pesado\\\/#breadcrumb\",\"itemListElement\":[{\"@type\":\"ListItem\",\"position\":1,\"name\":\"Portada\",\"item\":\"https:\\\/\\\/megafitness.cl\\\/store\\\/\"},{\"@type\":\"ListItem\",\"position\":2,\"name\":\"Shop\",\"item\":\"https:\\\/\\\/megafitness.cl\\\/store\\\/shop\\\/\"},{\"@type\":\"ListItem\",\"position\":3,\"name\":\"Fid Bench TS015L Banco Plano Comercial de Servicio Pesado\"}]},{\"@type\":\"WebSite\",\"@id\":\"https:\\\/\\\/megafitness.cl\\\/store\\\/#website\",\"url\":\"https:\\\/\\\/megafitness.cl\\\/store\\\/\",\"name\":\"Mega Fitness | Tienda\",\"description\":\"Tu Gimnasio en Providencia\",\"publisher\":{\"@id\":\"https:\\\/\\\/megafitness.cl\\\/store\\\/#organization\"},\"potentialAction\":[{\"@type\":\"SearchAction\",\"target\":{\"@type\":\"EntryPoint\",\"urlTemplate\":\"https:\\\/\\\/megafitness.cl\\\/store\\\/?s={search_term_string}\"},\"query-input\":{\"@type\":\"PropertyValueSpecification\",\"valueRequired\":true,\"valueName\":\"search_term_string\"}}],\"inLanguage\":\"es\"},{\"@type\":\"Organization\",\"@id\":\"https:\\\/\\\/megafitness.cl\\\/store\\\/#organization\",\"name\":\"Mega Fitness | Tienda\",\"url\":\"https:\\\/\\\/megafitness.cl\\\/store\\\/\",\"logo\":{\"@type\":\"ImageObject\",\"inLanguage\":\"es\",\"@id\":\"https:\\\/\\\/megafitness.cl\\\/store\\\/#\\\/schema\\\/logo\\\/image\\\/\",\"url\":\"https:\\\/\\\/megafitness.cl\\\/store\\\/wp-content\\\/uploads\\\/sites\\\/3\\\/2024\\\/08\\\/megafitnessLogo1Simple.svg\",\"contentUrl\":\"https:\\\/\\\/megafitness.cl\\\/store\\\/wp-content\\\/uploads\\\/sites\\\/3\\\/2024\\\/08\\\/megafitnessLogo1Simple.svg\",\"width\":197,\"height\":27,\"caption\":\"Mega Fitness | Tienda\"},\"image\":{\"@id\":\"https:\\\/\\\/megafitness.cl\\\/store\\\/#\\\/schema\\\/logo\\\/image\\\/\"}}]}<\/script>\n<!-- \/ Yoast SEO plugin. -->","yoast_head_json":{"title":"Fid Bench TS015L Banco Plano Comercial de Servicio Pesado| Mega Fitness | Tienda","robots":{"index":"index","follow":"follow","max-snippet":"max-snippet:-1","max-image-preview":"max-image-preview:large","max-video-preview":"max-video-preview:-1"},"canonical":"https:\/\/megafitness.cl\/store\/producto\/fid-bench-ts015l-banco-plano-comercial-de-servicio-pesado\/","og_locale":"es_ES","og_type":"article","og_title":"Fid Bench TS015L Banco Plano Comercial de Servicio Pesado| Mega Fitness | Tienda","og_description":"Si desea la capacidad de realizar todos los ejercicios b\u00e1sicos de barra y mancuernas, \u00a1este banco plano deber\u00eda ser su elecci\u00f3n! Aumenta tu fuerza y flexibilidad con este banco de entrenamiento ultra resistente. La tapicer\u00eda extra gruesa agrega comodidad y estabilidad a su rutina de ejercicios. La almohadilla se coloca en el mainframe comercial AmStaff...","og_url":"https:\/\/megafitness.cl\/store\/producto\/fid-bench-ts015l-banco-plano-comercial-de-servicio-pesado\/","og_site_name":"Mega Fitness | Tienda","article_modified_time":"2024-02-12T15:04:15+00:00","og_image":[{"width":500,"height":500,"url":"https:\/\/megafitness.cl\/store\/wp-content\/uploads\/sites\/3\/2023\/12\/power-rack-1.webp","type":"image\/webp"}],"twitter_card":"summary_large_image","twitter_misc":{"Tiempo de lectura":"1 minuto"},"schema":{"@context":"https:\/\/schema.org","@graph":[{"@type":["WebPage","ItemPage"],"@id":"https:\/\/megafitness.cl\/store\/producto\/fid-bench-ts015l-banco-plano-comercial-de-servicio-pesado\/","url":"https:\/\/megafitness.cl\/store\/producto\/fid-bench-ts015l-banco-plano-comercial-de-servicio-pesado\/","name":"Fid Bench TS015L Banco Plano Comercial de Servicio Pesado| Mega Fitness | Tienda","isPartOf":{"@id":"https:\/\/megafitness.cl\/store\/#website"},"primaryImageOfPage":{"@id":"https:\/\/megafitness.cl\/store\/producto\/fid-bench-ts015l-banco-plano-comercial-de-servicio-pesado\/#primaryimage"},"image":{"@id":"https:\/\/megafitness.cl\/store\/producto\/fid-bench-ts015l-banco-plano-comercial-de-servicio-pesado\/#primaryimage"},"thumbnailUrl":"https:\/\/megafitness.cl\/store\/wp-content\/uploads\/sites\/3\/2023\/12\/power-rack-1.webp","datePublished":"2023-12-18T01:25:05+00:00","dateModified":"2024-02-12T15:04:15+00:00","breadcrumb":{"@id":"https:\/\/megafitness.cl\/store\/producto\/fid-bench-ts015l-banco-plano-comercial-de-servicio-pesado\/#breadcrumb"},"inLanguage":"es","potentialAction":[{"@type":"ReadAction","target":["https:\/\/megafitness.cl\/store\/producto\/fid-bench-ts015l-banco-plano-comercial-de-servicio-pesado\/"]}]},{"@type":"ImageObject","inLanguage":"es","@id":"https:\/\/megafitness.cl\/store\/producto\/fid-bench-ts015l-banco-plano-comercial-de-servicio-pesado\/#primaryimage","url":"https:\/\/megafitness.cl\/store\/wp-content\/uploads\/sites\/3\/2023\/12\/power-rack-1.webp","contentUrl":"https:\/\/megafitness.cl\/store\/wp-content\/uploads\/sites\/3\/2023\/12\/power-rack-1.webp","width":500,"height":500},{"@type":"BreadcrumbList","@id":"https:\/\/megafitness.cl\/store\/producto\/fid-bench-ts015l-banco-plano-comercial-de-servicio-pesado\/#breadcrumb","itemListElement":[{"@type":"ListItem","position":1,"name":"Portada","item":"https:\/\/megafitness.cl\/store\/"},{"@type":"ListItem","position":2,"name":"Shop","item":"https:\/\/megafitness.cl\/store\/shop\/"},{"@type":"ListItem","position":3,"name":"Fid Bench TS015L Banco Plano Comercial de Servicio Pesado"}]},{"@type":"WebSite","@id":"https:\/\/megafitness.cl\/store\/#website","url":"https:\/\/megafitness.cl\/store\/","name":"Mega Fitness | Tienda","description":"Tu Gimnasio en Providencia","publisher":{"@id":"https:\/\/megafitness.cl\/store\/#organization"},"potentialAction":[{"@type":"SearchAction","target":{"@type":"EntryPoint","urlTemplate":"https:\/\/megafitness.cl\/store\/?s={search_term_string}"},"query-input":{"@type":"PropertyValueSpecification","valueRequired":true,"valueName":"search_term_string"}}],"inLanguage":"es"},{"@type":"Organization","@id":"https:\/\/megafitness.cl\/store\/#organization","name":"Mega Fitness | Tienda","url":"https:\/\/megafitness.cl\/store\/","logo":{"@type":"ImageObject","inLanguage":"es","@id":"https:\/\/megafitness.cl\/store\/#\/schema\/logo\/image\/","url":"https:\/\/megafitness.cl\/store\/wp-content\/uploads\/sites\/3\/2024\/08\/megafitnessLogo1Simple.svg","contentUrl":"https:\/\/megafitness.cl\/store\/wp-content\/uploads\/sites\/3\/2024\/08\/megafitnessLogo1Simple.svg","width":197,"height":27,"caption":"Mega Fitness | Tienda"},"image":{"@id":"https:\/\/megafitness.cl\/store\/#\/schema\/logo\/image\/"}}]}},"_links":{"self":[{"href":"https:\/\/megafitness.cl\/store\/wp-json\/wp\/v2\/product\/1240","targetHints":{"allow":["GET"]}}],"collection":[{"href":"https:\/\/megafitness.cl\/store\/wp-json\/wp\/v2\/product"}],"about":[{"href":"https:\/\/megafitness.cl\/store\/wp-json\/wp\/v2\/types\/product"}],"replies":[{"embeddable":true,"href":"https:\/\/megafitness.cl\/store\/wp-json\/wp\/v2\/comments?post=1240"}],"wp:featuredmedia":[{"embeddable":true,"href":"https:\/\/megafitness.cl\/store\/wp-json\/wp\/v2\/media\/1241"}],"wp:attachment":[{"href":"https:\/\/megafitness.cl\/store\/wp-json\/wp\/v2\/media?parent=1240"}],"wp:term":[{"taxonomy":"product_brand","embeddable":true,"href":"https:\/\/megafitness.cl\/store\/wp-json\/wp\/v2\/product_brand?post=1240"},{"taxonomy":"product_cat","embeddable":true,"href":"https:\/\/megafitness.cl\/store\/wp-json\/wp\/v2\/product_cat?post=1240"},{"taxonomy":"product_tag","embeddable":true,"href":"https:\/\/megafitness.cl\/store\/wp-json\/wp\/v2\/product_tag?post=1240"}],"curies":[{"name":"wp","href":"https:\/\/api.w.org\/{rel}","templated":true}]}}