{"id":1267,"date":"2023-12-18T07:48:14","date_gmt":"2023-12-18T06:48:14","guid":{"rendered":"https:\/\/megafitness.cl\/store\/?post_type=product&#038;p=1267"},"modified":"2024-02-12T16:02:33","modified_gmt":"2024-02-12T15:02:33","slug":"jaula-completa-con-sistema-de-poleas-400-kg-rack-multifuncional","status":"publish","type":"product","link":"https:\/\/megafitness.cl\/store\/producto\/jaula-completa-con-sistema-de-poleas-400-kg-rack-multifuncional\/","title":{"rendered":"Jaula completa con Sistema de Poleas 400 kg \u2013 Rack Multifuncional"},"content":{"rendered":"","protected":false},"excerpt":{"rendered":"<p>Caracter\u00edsticas:<\/p>\n<p>&#8211; Maquina para ejercitar todo el cuerpo , espacio reducido<br \/>\n\u2013 Permite entrenamientos en cuclillas, press de banca, barras paralelas, pull-ups y otras funciones en una sola m\u00e1quina.<br \/>\n\u2013 Peso (sin varillas): 180 kg.<br \/>\n\u2013 Dimensiones: 161 x 163 x 220 cm.<br \/>\n\u2013 Incluye sistema de poleas de tracci\u00f3n.<br \/>\n\u2013 Manillas pull-up recubiertas en goma para agarres m\u00e1s firmes y c\u00f3modos.<br \/>\n\u2013 Permite ajuste de altura para barras.<br \/>\n\u2013 Bloqueo de seguridad para barras que facilita su movimiento y evita deslizamientos.<br \/>\n\u2013 Racks guarda discos.<br \/>\n\u2013 Rack de almacenamiento de barras ol\u00edmpicas.<br \/>\n\u2013 Rotor para barras ol\u00edmpicas 360\u00ba.<br \/>\n\u2013 Manillas acolchadas para flexiones.<br \/>\n\u2013 Sistema de poleas slider deslizador que permite entrenar evitando accidentes.<br \/>\n\u2013 \u00c1rea de almacenamiento para accesorios.<br \/>\n\u2013 Ajustes de intensidad.<br \/>\n\u2013 *No incluye: banca de abdominales, tubos el\u00e1sticos, bandas el\u00e1sticas, barras ol\u00edmpicas ni discos.<br \/>\n\u2013\u00a0Embalaje: 5 cajas de 35 kg c\/u.<\/p>\n","protected":false},"featured_media":1268,"comment_status":"open","ping_status":"closed","template":"","meta":{"_kad_post_transparent":"default","_kad_post_title":"","_kad_post_layout":"default","_kad_post_sidebar_id":"","_kad_post_content_style":"default","_kad_post_vertical_padding":"default","_kad_post_feature":"","_kad_post_feature_position":"","_kad_post_header":false,"_kad_post_footer":false,"_kad_post_classname":""},"product_brand":[],"product_cat":[28],"product_tag":[],"class_list":{"0":"post-1267","1":"product","2":"type-product","3":"status-publish","4":"has-post-thumbnail","6":"product_cat-power-rack","8":"first","9":"outofstock","10":"sale","11":"shipping-taxable","12":"purchasable","13":"product-type-simple","14":"entry","15":"content-bg","16":"loop-entry"},"yoast_head":"<!-- This site is optimized with the Yoast SEO plugin v27.5 - https:\/\/yoast.com\/product\/yoast-seo-wordpress\/ -->\n<title>Jaula completa con Sistema de Poleas 400 kg \u2013 Rack Multifuncional| Mega Fitness | Tienda<\/title>\n<meta name=\"robots\" content=\"index, follow, max-snippet:-1, max-image-preview:large, max-video-preview:-1\" \/>\n<link rel=\"canonical\" href=\"https:\/\/megafitness.cl\/store\/producto\/jaula-completa-con-sistema-de-poleas-400-kg-rack-multifuncional\/\" \/>\n<meta property=\"og:locale\" content=\"es_ES\" \/>\n<meta property=\"og:type\" content=\"article\" \/>\n<meta property=\"og:title\" content=\"Jaula completa con Sistema de Poleas 400 kg \u2013 Rack Multifuncional| Mega Fitness | Tienda\" \/>\n<meta property=\"og:description\" content=\"Caracter\u00edsticas:  - Maquina para ejercitar todo el cuerpo , espacio reducido \u2013 Permite entrenamientos en cuclillas, press de banca, barras paralelas, pull-ups y otras funciones en una sola m\u00e1quina. \u2013 Peso (sin varillas): 180 kg. \u2013 Dimensiones: 161 x 163 x 220 cm. \u2013 Incluye sistema de poleas de tracci\u00f3n. \u2013 Manillas pull-up recubiertas en goma para agarres m\u00e1s firmes y c\u00f3modos. \u2013 Permite ajuste de altura para barras. \u2013 Bloqueo de seguridad para barras que facilita su movimiento y evita deslizamientos. \u2013 Racks guarda discos. \u2013 Rack de almacenamiento de barras ol\u00edmpicas. \u2013 Rotor para barras ol\u00edmpicas 360\u00ba. \u2013 Manillas acolchadas para flexiones. \u2013 Sistema de poleas slider deslizador que permite entrenar evitando accidentes. \u2013 \u00c1rea de almacenamiento para accesorios. \u2013 Ajustes de intensidad. \u2013 *No incluye: banca de abdominales, tubos el\u00e1sticos, bandas el\u00e1sticas, barras ol\u00edmpicas ni discos. \u2013\u00a0Embalaje: 5 cajas de 35 kg c\/u.\" \/>\n<meta property=\"og:url\" content=\"https:\/\/megafitness.cl\/store\/producto\/jaula-completa-con-sistema-de-poleas-400-kg-rack-multifuncional\/\" \/>\n<meta property=\"og:site_name\" content=\"Mega Fitness | Tienda\" \/>\n<meta property=\"article:modified_time\" content=\"2024-02-12T15:02:33+00:00\" \/>\n<meta property=\"og:image\" content=\"https:\/\/megafitness.cl\/store\/wp-content\/uploads\/sites\/3\/2023\/12\/jaula-completa.webp\" \/>\n\t<meta property=\"og:image:width\" content=\"750\" \/>\n\t<meta property=\"og:image:height\" content=\"750\" \/>\n\t<meta property=\"og:image:type\" content=\"image\/webp\" \/>\n<meta name=\"twitter:card\" content=\"summary_large_image\" \/>\n<meta name=\"twitter:label1\" content=\"Tiempo de lectura\" \/>\n\t<meta name=\"twitter:data1\" content=\"1 minuto\" \/>\n<script type=\"application\/ld+json\" class=\"yoast-schema-graph\">{\"@context\":\"https:\\\/\\\/schema.org\",\"@graph\":[{\"@type\":[\"WebPage\",\"ItemPage\"],\"@id\":\"https:\\\/\\\/megafitness.cl\\\/store\\\/producto\\\/jaula-completa-con-sistema-de-poleas-400-kg-rack-multifuncional\\\/\",\"url\":\"https:\\\/\\\/megafitness.cl\\\/store\\\/producto\\\/jaula-completa-con-sistema-de-poleas-400-kg-rack-multifuncional\\\/\",\"name\":\"Jaula completa con Sistema de Poleas 400 kg \u2013 Rack Multifuncional| Mega Fitness | Tienda\",\"isPartOf\":{\"@id\":\"https:\\\/\\\/megafitness.cl\\\/store\\\/#website\"},\"primaryImageOfPage\":{\"@id\":\"https:\\\/\\\/megafitness.cl\\\/store\\\/producto\\\/jaula-completa-con-sistema-de-poleas-400-kg-rack-multifuncional\\\/#primaryimage\"},\"image\":{\"@id\":\"https:\\\/\\\/megafitness.cl\\\/store\\\/producto\\\/jaula-completa-con-sistema-de-poleas-400-kg-rack-multifuncional\\\/#primaryimage\"},\"thumbnailUrl\":\"https:\\\/\\\/megafitness.cl\\\/store\\\/wp-content\\\/uploads\\\/sites\\\/3\\\/2023\\\/12\\\/jaula-completa.webp\",\"datePublished\":\"2023-12-18T06:48:14+00:00\",\"dateModified\":\"2024-02-12T15:02:33+00:00\",\"breadcrumb\":{\"@id\":\"https:\\\/\\\/megafitness.cl\\\/store\\\/producto\\\/jaula-completa-con-sistema-de-poleas-400-kg-rack-multifuncional\\\/#breadcrumb\"},\"inLanguage\":\"es\",\"potentialAction\":[{\"@type\":\"ReadAction\",\"target\":[\"https:\\\/\\\/megafitness.cl\\\/store\\\/producto\\\/jaula-completa-con-sistema-de-poleas-400-kg-rack-multifuncional\\\/\"]}]},{\"@type\":\"ImageObject\",\"inLanguage\":\"es\",\"@id\":\"https:\\\/\\\/megafitness.cl\\\/store\\\/producto\\\/jaula-completa-con-sistema-de-poleas-400-kg-rack-multifuncional\\\/#primaryimage\",\"url\":\"https:\\\/\\\/megafitness.cl\\\/store\\\/wp-content\\\/uploads\\\/sites\\\/3\\\/2023\\\/12\\\/jaula-completa.webp\",\"contentUrl\":\"https:\\\/\\\/megafitness.cl\\\/store\\\/wp-content\\\/uploads\\\/sites\\\/3\\\/2023\\\/12\\\/jaula-completa.webp\",\"width\":750,\"height\":750},{\"@type\":\"BreadcrumbList\",\"@id\":\"https:\\\/\\\/megafitness.cl\\\/store\\\/producto\\\/jaula-completa-con-sistema-de-poleas-400-kg-rack-multifuncional\\\/#breadcrumb\",\"itemListElement\":[{\"@type\":\"ListItem\",\"position\":1,\"name\":\"Portada\",\"item\":\"https:\\\/\\\/megafitness.cl\\\/store\\\/\"},{\"@type\":\"ListItem\",\"position\":2,\"name\":\"Shop\",\"item\":\"https:\\\/\\\/megafitness.cl\\\/store\\\/shop\\\/\"},{\"@type\":\"ListItem\",\"position\":3,\"name\":\"Jaula completa con Sistema de Poleas 400 kg \u2013 Rack Multifuncional\"}]},{\"@type\":\"WebSite\",\"@id\":\"https:\\\/\\\/megafitness.cl\\\/store\\\/#website\",\"url\":\"https:\\\/\\\/megafitness.cl\\\/store\\\/\",\"name\":\"Mega Fitness | Tienda\",\"description\":\"Tu Gimnasio en Providencia\",\"publisher\":{\"@id\":\"https:\\\/\\\/megafitness.cl\\\/store\\\/#organization\"},\"potentialAction\":[{\"@type\":\"SearchAction\",\"target\":{\"@type\":\"EntryPoint\",\"urlTemplate\":\"https:\\\/\\\/megafitness.cl\\\/store\\\/?s={search_term_string}\"},\"query-input\":{\"@type\":\"PropertyValueSpecification\",\"valueRequired\":true,\"valueName\":\"search_term_string\"}}],\"inLanguage\":\"es\"},{\"@type\":\"Organization\",\"@id\":\"https:\\\/\\\/megafitness.cl\\\/store\\\/#organization\",\"name\":\"Mega Fitness | Tienda\",\"url\":\"https:\\\/\\\/megafitness.cl\\\/store\\\/\",\"logo\":{\"@type\":\"ImageObject\",\"inLanguage\":\"es\",\"@id\":\"https:\\\/\\\/megafitness.cl\\\/store\\\/#\\\/schema\\\/logo\\\/image\\\/\",\"url\":\"https:\\\/\\\/megafitness.cl\\\/store\\\/wp-content\\\/uploads\\\/sites\\\/3\\\/2024\\\/08\\\/megafitnessLogo1Simple.svg\",\"contentUrl\":\"https:\\\/\\\/megafitness.cl\\\/store\\\/wp-content\\\/uploads\\\/sites\\\/3\\\/2024\\\/08\\\/megafitnessLogo1Simple.svg\",\"width\":197,\"height\":27,\"caption\":\"Mega Fitness | Tienda\"},\"image\":{\"@id\":\"https:\\\/\\\/megafitness.cl\\\/store\\\/#\\\/schema\\\/logo\\\/image\\\/\"}}]}<\/script>\n<!-- \/ Yoast SEO plugin. -->","yoast_head_json":{"title":"Jaula completa con Sistema de Poleas 400 kg \u2013 Rack Multifuncional| Mega Fitness | Tienda","robots":{"index":"index","follow":"follow","max-snippet":"max-snippet:-1","max-image-preview":"max-image-preview:large","max-video-preview":"max-video-preview:-1"},"canonical":"https:\/\/megafitness.cl\/store\/producto\/jaula-completa-con-sistema-de-poleas-400-kg-rack-multifuncional\/","og_locale":"es_ES","og_type":"article","og_title":"Jaula completa con Sistema de Poleas 400 kg \u2013 Rack Multifuncional| Mega Fitness | Tienda","og_description":"Caracter\u00edsticas:  - Maquina para ejercitar todo el cuerpo , espacio reducido \u2013 Permite entrenamientos en cuclillas, press de banca, barras paralelas, pull-ups y otras funciones en una sola m\u00e1quina. \u2013 Peso (sin varillas): 180 kg. \u2013 Dimensiones: 161 x 163 x 220 cm. \u2013 Incluye sistema de poleas de tracci\u00f3n. \u2013 Manillas pull-up recubiertas en goma para agarres m\u00e1s firmes y c\u00f3modos. \u2013 Permite ajuste de altura para barras. \u2013 Bloqueo de seguridad para barras que facilita su movimiento y evita deslizamientos. \u2013 Racks guarda discos. \u2013 Rack de almacenamiento de barras ol\u00edmpicas. \u2013 Rotor para barras ol\u00edmpicas 360\u00ba. \u2013 Manillas acolchadas para flexiones. \u2013 Sistema de poleas slider deslizador que permite entrenar evitando accidentes. \u2013 \u00c1rea de almacenamiento para accesorios. \u2013 Ajustes de intensidad. \u2013 *No incluye: banca de abdominales, tubos el\u00e1sticos, bandas el\u00e1sticas, barras ol\u00edmpicas ni discos. \u2013\u00a0Embalaje: 5 cajas de 35 kg c\/u.","og_url":"https:\/\/megafitness.cl\/store\/producto\/jaula-completa-con-sistema-de-poleas-400-kg-rack-multifuncional\/","og_site_name":"Mega Fitness | Tienda","article_modified_time":"2024-02-12T15:02:33+00:00","og_image":[{"width":750,"height":750,"url":"https:\/\/megafitness.cl\/store\/wp-content\/uploads\/sites\/3\/2023\/12\/jaula-completa.webp","type":"image\/webp"}],"twitter_card":"summary_large_image","twitter_misc":{"Tiempo de lectura":"1 minuto"},"schema":{"@context":"https:\/\/schema.org","@graph":[{"@type":["WebPage","ItemPage"],"@id":"https:\/\/megafitness.cl\/store\/producto\/jaula-completa-con-sistema-de-poleas-400-kg-rack-multifuncional\/","url":"https:\/\/megafitness.cl\/store\/producto\/jaula-completa-con-sistema-de-poleas-400-kg-rack-multifuncional\/","name":"Jaula completa con Sistema de Poleas 400 kg \u2013 Rack Multifuncional| Mega Fitness | Tienda","isPartOf":{"@id":"https:\/\/megafitness.cl\/store\/#website"},"primaryImageOfPage":{"@id":"https:\/\/megafitness.cl\/store\/producto\/jaula-completa-con-sistema-de-poleas-400-kg-rack-multifuncional\/#primaryimage"},"image":{"@id":"https:\/\/megafitness.cl\/store\/producto\/jaula-completa-con-sistema-de-poleas-400-kg-rack-multifuncional\/#primaryimage"},"thumbnailUrl":"https:\/\/megafitness.cl\/store\/wp-content\/uploads\/sites\/3\/2023\/12\/jaula-completa.webp","datePublished":"2023-12-18T06:48:14+00:00","dateModified":"2024-02-12T15:02:33+00:00","breadcrumb":{"@id":"https:\/\/megafitness.cl\/store\/producto\/jaula-completa-con-sistema-de-poleas-400-kg-rack-multifuncional\/#breadcrumb"},"inLanguage":"es","potentialAction":[{"@type":"ReadAction","target":["https:\/\/megafitness.cl\/store\/producto\/jaula-completa-con-sistema-de-poleas-400-kg-rack-multifuncional\/"]}]},{"@type":"ImageObject","inLanguage":"es","@id":"https:\/\/megafitness.cl\/store\/producto\/jaula-completa-con-sistema-de-poleas-400-kg-rack-multifuncional\/#primaryimage","url":"https:\/\/megafitness.cl\/store\/wp-content\/uploads\/sites\/3\/2023\/12\/jaula-completa.webp","contentUrl":"https:\/\/megafitness.cl\/store\/wp-content\/uploads\/sites\/3\/2023\/12\/jaula-completa.webp","width":750,"height":750},{"@type":"BreadcrumbList","@id":"https:\/\/megafitness.cl\/store\/producto\/jaula-completa-con-sistema-de-poleas-400-kg-rack-multifuncional\/#breadcrumb","itemListElement":[{"@type":"ListItem","position":1,"name":"Portada","item":"https:\/\/megafitness.cl\/store\/"},{"@type":"ListItem","position":2,"name":"Shop","item":"https:\/\/megafitness.cl\/store\/shop\/"},{"@type":"ListItem","position":3,"name":"Jaula completa con Sistema de Poleas 400 kg \u2013 Rack Multifuncional"}]},{"@type":"WebSite","@id":"https:\/\/megafitness.cl\/store\/#website","url":"https:\/\/megafitness.cl\/store\/","name":"Mega Fitness | Tienda","description":"Tu Gimnasio en Providencia","publisher":{"@id":"https:\/\/megafitness.cl\/store\/#organization"},"potentialAction":[{"@type":"SearchAction","target":{"@type":"EntryPoint","urlTemplate":"https:\/\/megafitness.cl\/store\/?s={search_term_string}"},"query-input":{"@type":"PropertyValueSpecification","valueRequired":true,"valueName":"search_term_string"}}],"inLanguage":"es"},{"@type":"Organization","@id":"https:\/\/megafitness.cl\/store\/#organization","name":"Mega Fitness | Tienda","url":"https:\/\/megafitness.cl\/store\/","logo":{"@type":"ImageObject","inLanguage":"es","@id":"https:\/\/megafitness.cl\/store\/#\/schema\/logo\/image\/","url":"https:\/\/megafitness.cl\/store\/wp-content\/uploads\/sites\/3\/2024\/08\/megafitnessLogo1Simple.svg","contentUrl":"https:\/\/megafitness.cl\/store\/wp-content\/uploads\/sites\/3\/2024\/08\/megafitnessLogo1Simple.svg","width":197,"height":27,"caption":"Mega Fitness | Tienda"},"image":{"@id":"https:\/\/megafitness.cl\/store\/#\/schema\/logo\/image\/"}}]}},"_links":{"self":[{"href":"https:\/\/megafitness.cl\/store\/wp-json\/wp\/v2\/product\/1267","targetHints":{"allow":["GET"]}}],"collection":[{"href":"https:\/\/megafitness.cl\/store\/wp-json\/wp\/v2\/product"}],"about":[{"href":"https:\/\/megafitness.cl\/store\/wp-json\/wp\/v2\/types\/product"}],"replies":[{"embeddable":true,"href":"https:\/\/megafitness.cl\/store\/wp-json\/wp\/v2\/comments?post=1267"}],"wp:featuredmedia":[{"embeddable":true,"href":"https:\/\/megafitness.cl\/store\/wp-json\/wp\/v2\/media\/1268"}],"wp:attachment":[{"href":"https:\/\/megafitness.cl\/store\/wp-json\/wp\/v2\/media?parent=1267"}],"wp:term":[{"taxonomy":"product_brand","embeddable":true,"href":"https:\/\/megafitness.cl\/store\/wp-json\/wp\/v2\/product_brand?post=1267"},{"taxonomy":"product_cat","embeddable":true,"href":"https:\/\/megafitness.cl\/store\/wp-json\/wp\/v2\/product_cat?post=1267"},{"taxonomy":"product_tag","embeddable":true,"href":"https:\/\/megafitness.cl\/store\/wp-json\/wp\/v2\/product_tag?post=1267"}],"curies":[{"name":"wp","href":"https:\/\/api.w.org\/{rel}","templated":true}]}}