{"id":1293,"date":"2023-12-18T08:31:51","date_gmt":"2023-12-18T07:31:51","guid":{"rendered":"https:\/\/megafitness.cl\/store\/?post_type=product&#038;p=1293"},"modified":"2024-10-11T18:12:16","modified_gmt":"2024-10-11T16:12:16","slug":"rdx-t1-manoplas-de-enfoque-boxeo","status":"publish","type":"product","link":"https:\/\/megafitness.cl\/store\/producto\/rdx-t1-manoplas-de-enfoque-boxeo\/","title":{"rendered":"RDX T1 Manoplas de Enfoque Boxeo"},"content":{"rendered":"<div id=\"tab-label-specs\" class=\"data item title active\" tabindex=\"0\" role=\"tab\" aria-labeledby=\"tab-label-specs-title\" data-role=\"collapsible\" data-collapsible=\"true\" aria-controls=\"specs\" aria-selected=\"false\" aria-expanded=\"true\"><a id=\"tab-label-specs-title\" class=\"data switch\" tabindex=\"-1\" href=\"https:\/\/rdxsports.es\/rdx-sintetico-cuero-manoplas-de-boxeo\/#specs\" data-toggle=\"switch\">CARACTER\u00cdSTICAS<\/a><\/div>\n<div id=\"specs\" class=\"data item content\" role=\"tabpanel\" data-role=\"content\" aria-labelledby=\"tab-label-specs\" aria-hidden=\"false\">\n<ul>\n<li>Confecci\u00f3n en cuero Maya Hide\u2122 para una mayor resistencia y durabilidad.<\/li>\n<li>Espuma Supremo-Shock combinado con espuma EVA-LUTION \u2122 para una m\u00e1xima absorci\u00f3n de impactos.<\/li>\n<li>Acolchado de alta calidad para prevenir lesiones y proteger las manos y mu\u00f1ecas.<\/li>\n<li>Tecnolog\u00eda CoolX\u2122 para la controlar la temperatura y mantener las manos frescas y secas.<\/li>\n<li>Tecnolog\u00eda Ez-Grip\u2122 para una mayor estabilidad durante el entrenamiento.<\/li>\n<\/ul>\n<h2 class=\"page-title\"><span class=\"base\" data-ui-id=\"page-title-wrapper\">M\u00e1s informaci\u00f3n RDX T1 Manoplas de Enfoque Boxeo<\/span><\/h2>\n<div class=\"product attribute description\">\n<div class=\"value\">\n<p>Mejora tu precisi\u00f3n, velocidad, sincronizaci\u00f3n y potencia. Estas manoplas de boxeos s\u00faper absorbentes y protectoras son la mejor elecci\u00f3n para los boxeadores en entrenamiento. Dise\u00f1adas para resistir los golpes brutales de ganchos y jabs del entrenamiento boxeo, Muay Thai o peleas en jaula; nuestras manoplas de Maya Hide\u2122 son pr\u00e1cticamente a prueba de balas y sobrevivir\u00e1n a incontables sesiones de entrenamiento. Fabricadas con doble acolchado de espuma para una \u00f3ptima resistencia a los golpes, te proporcionar\u00e1n la protecci\u00f3n que necesitas para perfeccionar tu t\u00e9cnica de golpeo, mientras que la regulaci\u00f3n t\u00e9rmica mantendr\u00e1 tus manos libres de sobrecalentamiento, y el agarre seguro te da mayor confianza y estabilidad.<\/p>\n<\/div>\n<\/div>\n<\/div>\n","protected":false},"excerpt":{"rendered":"<p>CARACTER\u00cdSTICAS Confecci\u00f3n en cuero Maya Hide\u2122 para una mayor resistencia y durabilidad. Espuma Supremo-Shock combinado con espuma EVA-LUTION \u2122 para una m\u00e1xima absorci\u00f3n de impactos. Acolchado de alta calidad para prevenir lesiones y proteger las manos y mu\u00f1ecas. Tecnolog\u00eda CoolX\u2122 para la controlar la temperatura y mantener las manos frescas y secas. Tecnolog\u00eda Ez-Grip\u2122 para&#8230;<\/p>\n","protected":false},"featured_media":1294,"comment_status":"open","ping_status":"closed","template":"","meta":{"_kad_post_transparent":"default","_kad_post_title":"","_kad_post_layout":"default","_kad_post_sidebar_id":"","_kad_post_content_style":"default","_kad_post_vertical_padding":"default","_kad_post_feature":"","_kad_post_feature_position":"","_kad_post_header":false,"_kad_post_footer":false,"_kad_post_classname":""},"product_brand":[],"product_cat":[24],"product_tag":[],"class_list":{"0":"post-1293","1":"product","2":"type-product","3":"status-publish","4":"has-post-thumbnail","6":"product_cat-guantes","8":"first","9":"outofstock","10":"sale","11":"shipping-taxable","12":"purchasable","13":"product-type-simple","14":"entry","15":"content-bg","16":"loop-entry"},"yoast_head":"<!-- This site is optimized with the Yoast SEO plugin v27.5 - https:\/\/yoast.com\/product\/yoast-seo-wordpress\/ -->\n<title>RDX T1 Manoplas de Enfoque Boxeo| Mega Fitness | Tienda<\/title>\n<meta name=\"robots\" content=\"index, follow, max-snippet:-1, max-image-preview:large, max-video-preview:-1\" \/>\n<link rel=\"canonical\" href=\"https:\/\/megafitness.cl\/store\/producto\/rdx-t1-manoplas-de-enfoque-boxeo\/\" \/>\n<meta property=\"og:locale\" content=\"es_ES\" \/>\n<meta property=\"og:type\" content=\"article\" \/>\n<meta property=\"og:title\" content=\"RDX T1 Manoplas de Enfoque Boxeo| Mega Fitness | Tienda\" \/>\n<meta property=\"og:description\" content=\"CARACTER\u00cdSTICAS Confecci\u00f3n en cuero Maya Hide\u2122 para una mayor resistencia y durabilidad. Espuma Supremo-Shock combinado con espuma EVA-LUTION \u2122 para una m\u00e1xima absorci\u00f3n de impactos. Acolchado de alta calidad para prevenir lesiones y proteger las manos y mu\u00f1ecas. Tecnolog\u00eda CoolX\u2122 para la controlar la temperatura y mantener las manos frescas y secas. Tecnolog\u00eda Ez-Grip\u2122 para...\" \/>\n<meta property=\"og:url\" content=\"https:\/\/megafitness.cl\/store\/producto\/rdx-t1-manoplas-de-enfoque-boxeo\/\" \/>\n<meta property=\"og:site_name\" content=\"Mega Fitness | Tienda\" \/>\n<meta property=\"article:modified_time\" content=\"2024-10-11T16:12:16+00:00\" \/>\n<meta property=\"og:image\" content=\"https:\/\/megafitness.cl\/store\/wp-content\/uploads\/sites\/3\/2023\/12\/almohadillas-rojas.webp\" \/>\n\t<meta property=\"og:image:width\" content=\"700\" \/>\n\t<meta property=\"og:image:height\" content=\"700\" \/>\n\t<meta property=\"og:image:type\" content=\"image\/webp\" \/>\n<meta name=\"twitter:card\" content=\"summary_large_image\" \/>\n<meta name=\"twitter:label1\" content=\"Tiempo de lectura\" \/>\n\t<meta name=\"twitter:data1\" content=\"2 minutos\" \/>\n<script type=\"application\/ld+json\" class=\"yoast-schema-graph\">{\"@context\":\"https:\\\/\\\/schema.org\",\"@graph\":[{\"@type\":[\"WebPage\",\"ItemPage\"],\"@id\":\"https:\\\/\\\/megafitness.cl\\\/store\\\/producto\\\/rdx-t1-manoplas-de-enfoque-boxeo\\\/\",\"url\":\"https:\\\/\\\/megafitness.cl\\\/store\\\/producto\\\/rdx-t1-manoplas-de-enfoque-boxeo\\\/\",\"name\":\"RDX T1 Manoplas de Enfoque Boxeo| Mega Fitness | Tienda\",\"isPartOf\":{\"@id\":\"https:\\\/\\\/megafitness.cl\\\/store\\\/#website\"},\"primaryImageOfPage\":{\"@id\":\"https:\\\/\\\/megafitness.cl\\\/store\\\/producto\\\/rdx-t1-manoplas-de-enfoque-boxeo\\\/#primaryimage\"},\"image\":{\"@id\":\"https:\\\/\\\/megafitness.cl\\\/store\\\/producto\\\/rdx-t1-manoplas-de-enfoque-boxeo\\\/#primaryimage\"},\"thumbnailUrl\":\"https:\\\/\\\/megafitness.cl\\\/store\\\/wp-content\\\/uploads\\\/sites\\\/3\\\/2023\\\/12\\\/almohadillas-rojas.webp\",\"datePublished\":\"2023-12-18T07:31:51+00:00\",\"dateModified\":\"2024-10-11T16:12:16+00:00\",\"breadcrumb\":{\"@id\":\"https:\\\/\\\/megafitness.cl\\\/store\\\/producto\\\/rdx-t1-manoplas-de-enfoque-boxeo\\\/#breadcrumb\"},\"inLanguage\":\"es\",\"potentialAction\":[{\"@type\":\"ReadAction\",\"target\":[\"https:\\\/\\\/megafitness.cl\\\/store\\\/producto\\\/rdx-t1-manoplas-de-enfoque-boxeo\\\/\"]}]},{\"@type\":\"ImageObject\",\"inLanguage\":\"es\",\"@id\":\"https:\\\/\\\/megafitness.cl\\\/store\\\/producto\\\/rdx-t1-manoplas-de-enfoque-boxeo\\\/#primaryimage\",\"url\":\"https:\\\/\\\/megafitness.cl\\\/store\\\/wp-content\\\/uploads\\\/sites\\\/3\\\/2023\\\/12\\\/almohadillas-rojas.webp\",\"contentUrl\":\"https:\\\/\\\/megafitness.cl\\\/store\\\/wp-content\\\/uploads\\\/sites\\\/3\\\/2023\\\/12\\\/almohadillas-rojas.webp\",\"width\":700,\"height\":700},{\"@type\":\"BreadcrumbList\",\"@id\":\"https:\\\/\\\/megafitness.cl\\\/store\\\/producto\\\/rdx-t1-manoplas-de-enfoque-boxeo\\\/#breadcrumb\",\"itemListElement\":[{\"@type\":\"ListItem\",\"position\":1,\"name\":\"Portada\",\"item\":\"https:\\\/\\\/megafitness.cl\\\/store\\\/\"},{\"@type\":\"ListItem\",\"position\":2,\"name\":\"Shop\",\"item\":\"https:\\\/\\\/megafitness.cl\\\/store\\\/shop\\\/\"},{\"@type\":\"ListItem\",\"position\":3,\"name\":\"RDX T1 Manoplas de Enfoque Boxeo\"}]},{\"@type\":\"WebSite\",\"@id\":\"https:\\\/\\\/megafitness.cl\\\/store\\\/#website\",\"url\":\"https:\\\/\\\/megafitness.cl\\\/store\\\/\",\"name\":\"Mega Fitness | Tienda\",\"description\":\"Tu Gimnasio en Providencia\",\"publisher\":{\"@id\":\"https:\\\/\\\/megafitness.cl\\\/store\\\/#organization\"},\"potentialAction\":[{\"@type\":\"SearchAction\",\"target\":{\"@type\":\"EntryPoint\",\"urlTemplate\":\"https:\\\/\\\/megafitness.cl\\\/store\\\/?s={search_term_string}\"},\"query-input\":{\"@type\":\"PropertyValueSpecification\",\"valueRequired\":true,\"valueName\":\"search_term_string\"}}],\"inLanguage\":\"es\"},{\"@type\":\"Organization\",\"@id\":\"https:\\\/\\\/megafitness.cl\\\/store\\\/#organization\",\"name\":\"Mega Fitness | Tienda\",\"url\":\"https:\\\/\\\/megafitness.cl\\\/store\\\/\",\"logo\":{\"@type\":\"ImageObject\",\"inLanguage\":\"es\",\"@id\":\"https:\\\/\\\/megafitness.cl\\\/store\\\/#\\\/schema\\\/logo\\\/image\\\/\",\"url\":\"https:\\\/\\\/megafitness.cl\\\/store\\\/wp-content\\\/uploads\\\/sites\\\/3\\\/2024\\\/08\\\/megafitnessLogo1Simple.svg\",\"contentUrl\":\"https:\\\/\\\/megafitness.cl\\\/store\\\/wp-content\\\/uploads\\\/sites\\\/3\\\/2024\\\/08\\\/megafitnessLogo1Simple.svg\",\"width\":197,\"height\":27,\"caption\":\"Mega Fitness | Tienda\"},\"image\":{\"@id\":\"https:\\\/\\\/megafitness.cl\\\/store\\\/#\\\/schema\\\/logo\\\/image\\\/\"}}]}<\/script>\n<!-- \/ Yoast SEO plugin. -->","yoast_head_json":{"title":"RDX T1 Manoplas de Enfoque Boxeo| Mega Fitness | Tienda","robots":{"index":"index","follow":"follow","max-snippet":"max-snippet:-1","max-image-preview":"max-image-preview:large","max-video-preview":"max-video-preview:-1"},"canonical":"https:\/\/megafitness.cl\/store\/producto\/rdx-t1-manoplas-de-enfoque-boxeo\/","og_locale":"es_ES","og_type":"article","og_title":"RDX T1 Manoplas de Enfoque Boxeo| Mega Fitness | Tienda","og_description":"CARACTER\u00cdSTICAS Confecci\u00f3n en cuero Maya Hide\u2122 para una mayor resistencia y durabilidad. Espuma Supremo-Shock combinado con espuma EVA-LUTION \u2122 para una m\u00e1xima absorci\u00f3n de impactos. Acolchado de alta calidad para prevenir lesiones y proteger las manos y mu\u00f1ecas. Tecnolog\u00eda CoolX\u2122 para la controlar la temperatura y mantener las manos frescas y secas. Tecnolog\u00eda Ez-Grip\u2122 para...","og_url":"https:\/\/megafitness.cl\/store\/producto\/rdx-t1-manoplas-de-enfoque-boxeo\/","og_site_name":"Mega Fitness | Tienda","article_modified_time":"2024-10-11T16:12:16+00:00","og_image":[{"width":700,"height":700,"url":"https:\/\/megafitness.cl\/store\/wp-content\/uploads\/sites\/3\/2023\/12\/almohadillas-rojas.webp","type":"image\/webp"}],"twitter_card":"summary_large_image","twitter_misc":{"Tiempo de lectura":"2 minutos"},"schema":{"@context":"https:\/\/schema.org","@graph":[{"@type":["WebPage","ItemPage"],"@id":"https:\/\/megafitness.cl\/store\/producto\/rdx-t1-manoplas-de-enfoque-boxeo\/","url":"https:\/\/megafitness.cl\/store\/producto\/rdx-t1-manoplas-de-enfoque-boxeo\/","name":"RDX T1 Manoplas de Enfoque Boxeo| Mega Fitness | Tienda","isPartOf":{"@id":"https:\/\/megafitness.cl\/store\/#website"},"primaryImageOfPage":{"@id":"https:\/\/megafitness.cl\/store\/producto\/rdx-t1-manoplas-de-enfoque-boxeo\/#primaryimage"},"image":{"@id":"https:\/\/megafitness.cl\/store\/producto\/rdx-t1-manoplas-de-enfoque-boxeo\/#primaryimage"},"thumbnailUrl":"https:\/\/megafitness.cl\/store\/wp-content\/uploads\/sites\/3\/2023\/12\/almohadillas-rojas.webp","datePublished":"2023-12-18T07:31:51+00:00","dateModified":"2024-10-11T16:12:16+00:00","breadcrumb":{"@id":"https:\/\/megafitness.cl\/store\/producto\/rdx-t1-manoplas-de-enfoque-boxeo\/#breadcrumb"},"inLanguage":"es","potentialAction":[{"@type":"ReadAction","target":["https:\/\/megafitness.cl\/store\/producto\/rdx-t1-manoplas-de-enfoque-boxeo\/"]}]},{"@type":"ImageObject","inLanguage":"es","@id":"https:\/\/megafitness.cl\/store\/producto\/rdx-t1-manoplas-de-enfoque-boxeo\/#primaryimage","url":"https:\/\/megafitness.cl\/store\/wp-content\/uploads\/sites\/3\/2023\/12\/almohadillas-rojas.webp","contentUrl":"https:\/\/megafitness.cl\/store\/wp-content\/uploads\/sites\/3\/2023\/12\/almohadillas-rojas.webp","width":700,"height":700},{"@type":"BreadcrumbList","@id":"https:\/\/megafitness.cl\/store\/producto\/rdx-t1-manoplas-de-enfoque-boxeo\/#breadcrumb","itemListElement":[{"@type":"ListItem","position":1,"name":"Portada","item":"https:\/\/megafitness.cl\/store\/"},{"@type":"ListItem","position":2,"name":"Shop","item":"https:\/\/megafitness.cl\/store\/shop\/"},{"@type":"ListItem","position":3,"name":"RDX T1 Manoplas de Enfoque Boxeo"}]},{"@type":"WebSite","@id":"https:\/\/megafitness.cl\/store\/#website","url":"https:\/\/megafitness.cl\/store\/","name":"Mega Fitness | Tienda","description":"Tu Gimnasio en Providencia","publisher":{"@id":"https:\/\/megafitness.cl\/store\/#organization"},"potentialAction":[{"@type":"SearchAction","target":{"@type":"EntryPoint","urlTemplate":"https:\/\/megafitness.cl\/store\/?s={search_term_string}"},"query-input":{"@type":"PropertyValueSpecification","valueRequired":true,"valueName":"search_term_string"}}],"inLanguage":"es"},{"@type":"Organization","@id":"https:\/\/megafitness.cl\/store\/#organization","name":"Mega Fitness | Tienda","url":"https:\/\/megafitness.cl\/store\/","logo":{"@type":"ImageObject","inLanguage":"es","@id":"https:\/\/megafitness.cl\/store\/#\/schema\/logo\/image\/","url":"https:\/\/megafitness.cl\/store\/wp-content\/uploads\/sites\/3\/2024\/08\/megafitnessLogo1Simple.svg","contentUrl":"https:\/\/megafitness.cl\/store\/wp-content\/uploads\/sites\/3\/2024\/08\/megafitnessLogo1Simple.svg","width":197,"height":27,"caption":"Mega Fitness | Tienda"},"image":{"@id":"https:\/\/megafitness.cl\/store\/#\/schema\/logo\/image\/"}}]}},"_links":{"self":[{"href":"https:\/\/megafitness.cl\/store\/wp-json\/wp\/v2\/product\/1293","targetHints":{"allow":["GET"]}}],"collection":[{"href":"https:\/\/megafitness.cl\/store\/wp-json\/wp\/v2\/product"}],"about":[{"href":"https:\/\/megafitness.cl\/store\/wp-json\/wp\/v2\/types\/product"}],"replies":[{"embeddable":true,"href":"https:\/\/megafitness.cl\/store\/wp-json\/wp\/v2\/comments?post=1293"}],"wp:featuredmedia":[{"embeddable":true,"href":"https:\/\/megafitness.cl\/store\/wp-json\/wp\/v2\/media\/1294"}],"wp:attachment":[{"href":"https:\/\/megafitness.cl\/store\/wp-json\/wp\/v2\/media?parent=1293"}],"wp:term":[{"taxonomy":"product_brand","embeddable":true,"href":"https:\/\/megafitness.cl\/store\/wp-json\/wp\/v2\/product_brand?post=1293"},{"taxonomy":"product_cat","embeddable":true,"href":"https:\/\/megafitness.cl\/store\/wp-json\/wp\/v2\/product_cat?post=1293"},{"taxonomy":"product_tag","embeddable":true,"href":"https:\/\/megafitness.cl\/store\/wp-json\/wp\/v2\/product_tag?post=1293"}],"curies":[{"name":"wp","href":"https:\/\/api.w.org\/{rel}","templated":true}]}}