{"id":1492,"date":"2024-03-18T20:32:34","date_gmt":"2024-03-18T19:32:34","guid":{"rendered":"https:\/\/megafitness.cl\/store\/?post_type=product&#038;p=1492"},"modified":"2024-10-11T19:10:07","modified_gmt":"2024-10-11T17:10:07","slug":"protectores-bucales-rdx-ggs-3-gra","status":"publish","type":"product","link":"https:\/\/megafitness.cl\/store\/producto\/protectores-bucales-rdx-ggs-3-gra\/","title":{"rendered":"Protectores Bucales Rdx GGS-3 GRA"},"content":{"rendered":"<p>Un escudo de goma de poly gel libre de l\u00e1tex se adapta a los atletas de boxeo, kick boxing, mma, muay thai, rugby y lacrosse, etc. La m\u00e1xima defensa para principiantes y profesionales. Este protector bucal rdx se ajusta a la forma de los dientes. Simplemente calienta una cacerola llena de 3 a 4 pulgadas de agua, una vez que llegue al punto de ebullici\u00f3n, retira la cacerola de la fuente de calor, coloca el protector bucal durante unos 70 a 80 segundos como m\u00e1ximo. Retira el protector bucal con cuidado y enfr\u00edalo bajo el agua del grifo durante 1 o 2 segundos. Utiliza los dedos para presionar los bordes del protector bucal en la l\u00ednea de los dientes y las enc\u00edas a trav\u00e9s de los labios y las mejillas durante unos 20 segundos. Ret\u00edralo y col\u00f3calo bajo el agua fr\u00eda durante 30 segundos. Ya est\u00e1 listo para usar. El protector bucal es ideal para cualquier equipo de deportes de contacto. Material de poli gel sin l\u00e1tex tiene una gran fuerza en su interior para asegurar que est\u00e9s bien protegido contra el aluvi\u00f3n de golpes que te lanzar\u00e1n. El material evita que el esmalte se astille y es lo suficientemente duradero como para ser tu compa\u00f1ero de boxeo. Tecnolog\u00eda boil and bite garantiza que el protector bucal se adapte perfectamente a la forma de tu boca y amortig\u00fce perfectamente los dientes para garantizar un ajuste seguro. Reg\u00e1late un asalto de sparring o date el gusto de participar en un combate de boxeo con plena seguridad.<\/p>\n","protected":false},"excerpt":{"rendered":"<p>Un escudo de goma de poly gel libre de l\u00e1tex se adapta a los atletas de boxeo, kick boxing, mma, muay thai, rugby y lacrosse, etc. La m\u00e1xima defensa para principiantes y profesionales. Este protector bucal rdx se ajusta a la forma de los dientes. Simplemente calienta una cacerola llena de 3 a 4 pulgadas&#8230;<\/p>\n","protected":false},"featured_media":1610,"comment_status":"open","ping_status":"closed","template":"","meta":{"_kad_post_transparent":"default","_kad_post_title":"","_kad_post_layout":"default","_kad_post_sidebar_id":"","_kad_post_content_style":"default","_kad_post_vertical_padding":"default","_kad_post_feature":"","_kad_post_feature_position":"","_kad_post_header":false,"_kad_post_footer":false,"_kad_post_classname":""},"product_brand":[],"product_cat":[24],"product_tag":[33],"class_list":{"0":"post-1492","1":"product","2":"type-product","3":"status-publish","4":"has-post-thumbnail","6":"product_cat-guantes","7":"product_tag-bucal","9":"first","10":"outofstock","11":"shipping-taxable","12":"purchasable","13":"product-type-simple","14":"entry","15":"content-bg","16":"loop-entry"},"yoast_head":"<!-- This site is optimized with the Yoast SEO plugin v27.5 - https:\/\/yoast.com\/product\/yoast-seo-wordpress\/ -->\n<title>Protectores Bucales Rdx GGS-3 GRA | Mega Fitness | Tienda<\/title>\n<meta name=\"robots\" content=\"index, follow, max-snippet:-1, max-image-preview:large, max-video-preview:-1\" \/>\n<link rel=\"canonical\" href=\"https:\/\/megafitness.cl\/store\/producto\/protectores-bucales-rdx-ggs-3-gra\/\" \/>\n<meta property=\"og:locale\" content=\"es_ES\" \/>\n<meta property=\"og:type\" content=\"article\" \/>\n<meta property=\"og:title\" content=\"Protectores Bucales Rdx GGS-3 GRA | Mega Fitness | Tienda\" \/>\n<meta property=\"og:description\" content=\"Un escudo de goma de poly gel libre de l\u00e1tex se adapta a los atletas de boxeo, kick boxing, mma, muay thai, rugby y lacrosse, etc. La m\u00e1xima defensa para principiantes y profesionales. Este protector bucal rdx se ajusta a la forma de los dientes. Simplemente calienta una cacerola llena de 3 a 4 pulgadas...\" \/>\n<meta property=\"og:url\" content=\"https:\/\/megafitness.cl\/store\/producto\/protectores-bucales-rdx-ggs-3-gra\/\" \/>\n<meta property=\"og:site_name\" content=\"Mega Fitness | Tienda\" \/>\n<meta property=\"article:modified_time\" content=\"2024-10-11T17:10:07+00:00\" \/>\n<meta property=\"og:image\" content=\"https:\/\/megafitness.cl\/store\/wp-content\/uploads\/sites\/3\/2023\/12\/protectores-bucales-rdx-ggs-3_29378934-89cd-44f8-9afe-0e4ae450dba6_2_3019748985.webp\" \/>\n\t<meta property=\"og:image:width\" content=\"1329\" \/>\n\t<meta property=\"og:image:height\" content=\"1329\" \/>\n\t<meta property=\"og:image:type\" content=\"image\/webp\" \/>\n<meta name=\"twitter:card\" content=\"summary_large_image\" \/>\n<meta name=\"twitter:label1\" content=\"Tiempo de lectura\" \/>\n\t<meta name=\"twitter:data1\" content=\"2 minutos\" \/>\n<script type=\"application\/ld+json\" class=\"yoast-schema-graph\">{\"@context\":\"https:\\\/\\\/schema.org\",\"@graph\":[{\"@type\":[\"WebPage\",\"ItemPage\"],\"@id\":\"https:\\\/\\\/megafitness.cl\\\/store\\\/producto\\\/protectores-bucales-rdx-ggs-3-gra\\\/\",\"url\":\"https:\\\/\\\/megafitness.cl\\\/store\\\/producto\\\/protectores-bucales-rdx-ggs-3-gra\\\/\",\"name\":\"Protectores Bucales Rdx GGS-3 GRA | Mega Fitness | Tienda\",\"isPartOf\":{\"@id\":\"https:\\\/\\\/megafitness.cl\\\/store\\\/#website\"},\"primaryImageOfPage\":{\"@id\":\"https:\\\/\\\/megafitness.cl\\\/store\\\/producto\\\/protectores-bucales-rdx-ggs-3-gra\\\/#primaryimage\"},\"image\":{\"@id\":\"https:\\\/\\\/megafitness.cl\\\/store\\\/producto\\\/protectores-bucales-rdx-ggs-3-gra\\\/#primaryimage\"},\"thumbnailUrl\":\"https:\\\/\\\/megafitness.cl\\\/store\\\/wp-content\\\/uploads\\\/sites\\\/3\\\/2023\\\/12\\\/protectores-bucales-rdx-ggs-3_29378934-89cd-44f8-9afe-0e4ae450dba6_2_3019748985.webp\",\"datePublished\":\"2024-03-18T19:32:34+00:00\",\"dateModified\":\"2024-10-11T17:10:07+00:00\",\"breadcrumb\":{\"@id\":\"https:\\\/\\\/megafitness.cl\\\/store\\\/producto\\\/protectores-bucales-rdx-ggs-3-gra\\\/#breadcrumb\"},\"inLanguage\":\"es\",\"potentialAction\":[{\"@type\":\"ReadAction\",\"target\":[\"https:\\\/\\\/megafitness.cl\\\/store\\\/producto\\\/protectores-bucales-rdx-ggs-3-gra\\\/\"]}]},{\"@type\":\"ImageObject\",\"inLanguage\":\"es\",\"@id\":\"https:\\\/\\\/megafitness.cl\\\/store\\\/producto\\\/protectores-bucales-rdx-ggs-3-gra\\\/#primaryimage\",\"url\":\"https:\\\/\\\/megafitness.cl\\\/store\\\/wp-content\\\/uploads\\\/sites\\\/3\\\/2023\\\/12\\\/protectores-bucales-rdx-ggs-3_29378934-89cd-44f8-9afe-0e4ae450dba6_2_3019748985.webp\",\"contentUrl\":\"https:\\\/\\\/megafitness.cl\\\/store\\\/wp-content\\\/uploads\\\/sites\\\/3\\\/2023\\\/12\\\/protectores-bucales-rdx-ggs-3_29378934-89cd-44f8-9afe-0e4ae450dba6_2_3019748985.webp\",\"width\":1329,\"height\":1329},{\"@type\":\"BreadcrumbList\",\"@id\":\"https:\\\/\\\/megafitness.cl\\\/store\\\/producto\\\/protectores-bucales-rdx-ggs-3-gra\\\/#breadcrumb\",\"itemListElement\":[{\"@type\":\"ListItem\",\"position\":1,\"name\":\"Portada\",\"item\":\"https:\\\/\\\/megafitness.cl\\\/store\\\/\"},{\"@type\":\"ListItem\",\"position\":2,\"name\":\"Shop\",\"item\":\"https:\\\/\\\/megafitness.cl\\\/store\\\/shop\\\/\"},{\"@type\":\"ListItem\",\"position\":3,\"name\":\"Protectores Bucales Rdx GGS-3 GRA\"}]},{\"@type\":\"WebSite\",\"@id\":\"https:\\\/\\\/megafitness.cl\\\/store\\\/#website\",\"url\":\"https:\\\/\\\/megafitness.cl\\\/store\\\/\",\"name\":\"Mega Fitness | Tienda\",\"description\":\"Tu Gimnasio en Providencia\",\"publisher\":{\"@id\":\"https:\\\/\\\/megafitness.cl\\\/store\\\/#organization\"},\"potentialAction\":[{\"@type\":\"SearchAction\",\"target\":{\"@type\":\"EntryPoint\",\"urlTemplate\":\"https:\\\/\\\/megafitness.cl\\\/store\\\/?s={search_term_string}\"},\"query-input\":{\"@type\":\"PropertyValueSpecification\",\"valueRequired\":true,\"valueName\":\"search_term_string\"}}],\"inLanguage\":\"es\"},{\"@type\":\"Organization\",\"@id\":\"https:\\\/\\\/megafitness.cl\\\/store\\\/#organization\",\"name\":\"Mega Fitness | Tienda\",\"url\":\"https:\\\/\\\/megafitness.cl\\\/store\\\/\",\"logo\":{\"@type\":\"ImageObject\",\"inLanguage\":\"es\",\"@id\":\"https:\\\/\\\/megafitness.cl\\\/store\\\/#\\\/schema\\\/logo\\\/image\\\/\",\"url\":\"https:\\\/\\\/megafitness.cl\\\/store\\\/wp-content\\\/uploads\\\/sites\\\/3\\\/2024\\\/08\\\/megafitnessLogo1Simple.svg\",\"contentUrl\":\"https:\\\/\\\/megafitness.cl\\\/store\\\/wp-content\\\/uploads\\\/sites\\\/3\\\/2024\\\/08\\\/megafitnessLogo1Simple.svg\",\"width\":197,\"height\":27,\"caption\":\"Mega Fitness | Tienda\"},\"image\":{\"@id\":\"https:\\\/\\\/megafitness.cl\\\/store\\\/#\\\/schema\\\/logo\\\/image\\\/\"}}]}<\/script>\n<!-- \/ Yoast SEO plugin. -->","yoast_head_json":{"title":"Protectores Bucales Rdx GGS-3 GRA | Mega Fitness | Tienda","robots":{"index":"index","follow":"follow","max-snippet":"max-snippet:-1","max-image-preview":"max-image-preview:large","max-video-preview":"max-video-preview:-1"},"canonical":"https:\/\/megafitness.cl\/store\/producto\/protectores-bucales-rdx-ggs-3-gra\/","og_locale":"es_ES","og_type":"article","og_title":"Protectores Bucales Rdx GGS-3 GRA | Mega Fitness | Tienda","og_description":"Un escudo de goma de poly gel libre de l\u00e1tex se adapta a los atletas de boxeo, kick boxing, mma, muay thai, rugby y lacrosse, etc. La m\u00e1xima defensa para principiantes y profesionales. Este protector bucal rdx se ajusta a la forma de los dientes. Simplemente calienta una cacerola llena de 3 a 4 pulgadas...","og_url":"https:\/\/megafitness.cl\/store\/producto\/protectores-bucales-rdx-ggs-3-gra\/","og_site_name":"Mega Fitness | Tienda","article_modified_time":"2024-10-11T17:10:07+00:00","og_image":[{"width":1329,"height":1329,"url":"https:\/\/megafitness.cl\/store\/wp-content\/uploads\/sites\/3\/2023\/12\/protectores-bucales-rdx-ggs-3_29378934-89cd-44f8-9afe-0e4ae450dba6_2_3019748985.webp","type":"image\/webp"}],"twitter_card":"summary_large_image","twitter_misc":{"Tiempo de lectura":"2 minutos"},"schema":{"@context":"https:\/\/schema.org","@graph":[{"@type":["WebPage","ItemPage"],"@id":"https:\/\/megafitness.cl\/store\/producto\/protectores-bucales-rdx-ggs-3-gra\/","url":"https:\/\/megafitness.cl\/store\/producto\/protectores-bucales-rdx-ggs-3-gra\/","name":"Protectores Bucales Rdx GGS-3 GRA | Mega Fitness | Tienda","isPartOf":{"@id":"https:\/\/megafitness.cl\/store\/#website"},"primaryImageOfPage":{"@id":"https:\/\/megafitness.cl\/store\/producto\/protectores-bucales-rdx-ggs-3-gra\/#primaryimage"},"image":{"@id":"https:\/\/megafitness.cl\/store\/producto\/protectores-bucales-rdx-ggs-3-gra\/#primaryimage"},"thumbnailUrl":"https:\/\/megafitness.cl\/store\/wp-content\/uploads\/sites\/3\/2023\/12\/protectores-bucales-rdx-ggs-3_29378934-89cd-44f8-9afe-0e4ae450dba6_2_3019748985.webp","datePublished":"2024-03-18T19:32:34+00:00","dateModified":"2024-10-11T17:10:07+00:00","breadcrumb":{"@id":"https:\/\/megafitness.cl\/store\/producto\/protectores-bucales-rdx-ggs-3-gra\/#breadcrumb"},"inLanguage":"es","potentialAction":[{"@type":"ReadAction","target":["https:\/\/megafitness.cl\/store\/producto\/protectores-bucales-rdx-ggs-3-gra\/"]}]},{"@type":"ImageObject","inLanguage":"es","@id":"https:\/\/megafitness.cl\/store\/producto\/protectores-bucales-rdx-ggs-3-gra\/#primaryimage","url":"https:\/\/megafitness.cl\/store\/wp-content\/uploads\/sites\/3\/2023\/12\/protectores-bucales-rdx-ggs-3_29378934-89cd-44f8-9afe-0e4ae450dba6_2_3019748985.webp","contentUrl":"https:\/\/megafitness.cl\/store\/wp-content\/uploads\/sites\/3\/2023\/12\/protectores-bucales-rdx-ggs-3_29378934-89cd-44f8-9afe-0e4ae450dba6_2_3019748985.webp","width":1329,"height":1329},{"@type":"BreadcrumbList","@id":"https:\/\/megafitness.cl\/store\/producto\/protectores-bucales-rdx-ggs-3-gra\/#breadcrumb","itemListElement":[{"@type":"ListItem","position":1,"name":"Portada","item":"https:\/\/megafitness.cl\/store\/"},{"@type":"ListItem","position":2,"name":"Shop","item":"https:\/\/megafitness.cl\/store\/shop\/"},{"@type":"ListItem","position":3,"name":"Protectores Bucales Rdx GGS-3 GRA"}]},{"@type":"WebSite","@id":"https:\/\/megafitness.cl\/store\/#website","url":"https:\/\/megafitness.cl\/store\/","name":"Mega Fitness | Tienda","description":"Tu Gimnasio en Providencia","publisher":{"@id":"https:\/\/megafitness.cl\/store\/#organization"},"potentialAction":[{"@type":"SearchAction","target":{"@type":"EntryPoint","urlTemplate":"https:\/\/megafitness.cl\/store\/?s={search_term_string}"},"query-input":{"@type":"PropertyValueSpecification","valueRequired":true,"valueName":"search_term_string"}}],"inLanguage":"es"},{"@type":"Organization","@id":"https:\/\/megafitness.cl\/store\/#organization","name":"Mega Fitness | Tienda","url":"https:\/\/megafitness.cl\/store\/","logo":{"@type":"ImageObject","inLanguage":"es","@id":"https:\/\/megafitness.cl\/store\/#\/schema\/logo\/image\/","url":"https:\/\/megafitness.cl\/store\/wp-content\/uploads\/sites\/3\/2024\/08\/megafitnessLogo1Simple.svg","contentUrl":"https:\/\/megafitness.cl\/store\/wp-content\/uploads\/sites\/3\/2024\/08\/megafitnessLogo1Simple.svg","width":197,"height":27,"caption":"Mega Fitness | Tienda"},"image":{"@id":"https:\/\/megafitness.cl\/store\/#\/schema\/logo\/image\/"}}]}},"_links":{"self":[{"href":"https:\/\/megafitness.cl\/store\/wp-json\/wp\/v2\/product\/1492","targetHints":{"allow":["GET"]}}],"collection":[{"href":"https:\/\/megafitness.cl\/store\/wp-json\/wp\/v2\/product"}],"about":[{"href":"https:\/\/megafitness.cl\/store\/wp-json\/wp\/v2\/types\/product"}],"replies":[{"embeddable":true,"href":"https:\/\/megafitness.cl\/store\/wp-json\/wp\/v2\/comments?post=1492"}],"wp:featuredmedia":[{"embeddable":true,"href":"https:\/\/megafitness.cl\/store\/wp-json\/wp\/v2\/media\/1610"}],"wp:attachment":[{"href":"https:\/\/megafitness.cl\/store\/wp-json\/wp\/v2\/media?parent=1492"}],"wp:term":[{"taxonomy":"product_brand","embeddable":true,"href":"https:\/\/megafitness.cl\/store\/wp-json\/wp\/v2\/product_brand?post=1492"},{"taxonomy":"product_cat","embeddable":true,"href":"https:\/\/megafitness.cl\/store\/wp-json\/wp\/v2\/product_cat?post=1492"},{"taxonomy":"product_tag","embeddable":true,"href":"https:\/\/megafitness.cl\/store\/wp-json\/wp\/v2\/product_tag?post=1492"}],"curies":[{"name":"wp","href":"https:\/\/api.w.org\/{rel}","templated":true}]}}