{"id":1653,"date":"2024-08-02T00:09:26","date_gmt":"2024-08-01T22:09:26","guid":{"rendered":"https:\/\/megafitness.cl\/store\/?post_type=product&#038;p=1653"},"modified":"2025-05-21T00:08:51","modified_gmt":"2025-05-20T22:08:51","slug":"rdx-guantes-de-sparring-mma-t6-rojos-xl","status":"publish","type":"product","link":"https:\/\/megafitness.cl\/store\/producto\/rdx-guantes-de-sparring-mma-t6-rojos-xl\/","title":{"rendered":"RDX Guantes De Sparring Mma &#8211; T6 &#8211; Rojos XL"},"content":{"rendered":"<p>Guantes profesionales de MMA aprobados por la Asociaci\u00f3n Sueca. La Federaci\u00f3n Sueca de Artes Marciales Mixtas es el organismo rector nacional de MMA en Suecia. Aprovecha el poder con estos guantes de agarre de MMA de cuero Maya Hide, dise\u00f1ados para brindar comodidad, protecci\u00f3n y control livianos en cada pelea. Hechos a mano para resistir obstinadamente el desgaste, estos guantes de entrenamiento de MMA durar\u00e1n una eternidad y cuentan con resistencia a los golpes de triple capa, un agarre y una transpirabilidad incre\u00edbles, adem\u00e1s de un dise\u00f1o exclusivo en la palma para garantizar una t\u00e9cnica de golpe de primera clase. Al alinear correctamente la mu\u00f1eca con el pu\u00f1o en cada golpe, estos potentes guantes proteger\u00e1n tus manos de lesiones. La armadura definitiva. Una elecci\u00f3n premium de guantes de MMA para guerreros de artes marciales mixtas en entrenamiento. (TALLAS PEQUE\u00d1AS Y MEDIANAS RECOMENDADAS HASTA 14 A\u00d1OS)<\/p>\n<p>Hecho de cuero Maya Hide duradero para mayor comodidad y rendimiento duradero.<br \/>\nFORRO GEL EFFICAX para el m\u00e1ximo acolchado y protecci\u00f3n en la batalla<br \/>\nLa l\u00e1mina de equilibrio Shell Shock gel que absorbe los golpes lo ayuda a resistir impactos graves<br \/>\nPalm-O Open Palm Design para un agarre y ventilaci\u00f3n perfectos<br \/>\nGancho y bucle Quick-EZ para un ajuste c\u00f3modo y la mejor protecci\u00f3n para la mu\u00f1eca<br \/>\nFederaci\u00f3n Sueca de Artes Marciales Mixtas (SMMAF)<br \/>\nAprobado por EMMAA.<\/p>\n","protected":false},"excerpt":{"rendered":"<p>Guantes profesionales de MMA aprobados por la Asociaci\u00f3n Sueca. La Federaci\u00f3n Sueca de Artes Marciales Mixtas es el organismo rector nacional de MMA en Suecia. Aprovecha el poder con estos guantes de agarre de MMA de cuero Maya Hide, dise\u00f1ados para brindar comodidad, protecci\u00f3n y control livianos en cada pelea. Hechos a mano para resistir&#8230;<\/p>\n","protected":false},"featured_media":1654,"comment_status":"open","ping_status":"closed","template":"","meta":{"_kad_post_transparent":"default","_kad_post_title":"","_kad_post_layout":"default","_kad_post_sidebar_id":"","_kad_post_content_style":"default","_kad_post_vertical_padding":"default","_kad_post_feature":"","_kad_post_feature_position":"","_kad_post_header":false,"_kad_post_footer":false,"_kad_post_classname":""},"product_brand":[],"product_cat":[24],"product_tag":[],"class_list":{"0":"post-1653","1":"product","2":"type-product","3":"status-publish","4":"has-post-thumbnail","6":"product_cat-guantes","8":"first","9":"outofstock","10":"shipping-taxable","11":"purchasable","12":"product-type-simple","13":"entry","14":"content-bg","15":"loop-entry"},"yoast_head":"<!-- This site is optimized with the Yoast SEO plugin v27.5 - https:\/\/yoast.com\/product\/yoast-seo-wordpress\/ -->\n<title>RDX Guantes De Sparring Mma - T6 - Rojos XL | Mega Fitness | Tienda<\/title>\n<meta name=\"robots\" content=\"index, follow, max-snippet:-1, max-image-preview:large, max-video-preview:-1\" \/>\n<link rel=\"canonical\" href=\"https:\/\/megafitness.cl\/store\/producto\/rdx-guantes-de-sparring-mma-t6-rojos-xl\/\" \/>\n<meta property=\"og:locale\" content=\"es_ES\" \/>\n<meta property=\"og:type\" content=\"article\" \/>\n<meta property=\"og:title\" content=\"RDX Guantes De Sparring Mma - T6 - Rojos XL | Mega Fitness | Tienda\" \/>\n<meta property=\"og:description\" content=\"Guantes profesionales de MMA aprobados por la Asociaci\u00f3n Sueca. La Federaci\u00f3n Sueca de Artes Marciales Mixtas es el organismo rector nacional de MMA en Suecia. Aprovecha el poder con estos guantes de agarre de MMA de cuero Maya Hide, dise\u00f1ados para brindar comodidad, protecci\u00f3n y control livianos en cada pelea. Hechos a mano para resistir...\" \/>\n<meta property=\"og:url\" content=\"https:\/\/megafitness.cl\/store\/producto\/rdx-guantes-de-sparring-mma-t6-rojos-xl\/\" \/>\n<meta property=\"og:site_name\" content=\"Mega Fitness | Tienda\" \/>\n<meta property=\"article:modified_time\" content=\"2025-05-20T22:08:51+00:00\" \/>\n<meta property=\"og:image\" content=\"https:\/\/megafitness.cl\/store\/wp-content\/uploads\/sites\/3\/2024\/08\/rdx_t6_mma_sparring_gloves_7oz_-red_5__2_134df688-4bac-4775-8b22-0afa507e5924_960x_crop_center.webp\" \/>\n\t<meta property=\"og:image:width\" content=\"700\" \/>\n\t<meta property=\"og:image:height\" content=\"700\" \/>\n\t<meta property=\"og:image:type\" content=\"image\/webp\" \/>\n<meta name=\"twitter:card\" content=\"summary_large_image\" \/>\n<meta name=\"twitter:label1\" content=\"Tiempo de lectura\" \/>\n\t<meta name=\"twitter:data1\" content=\"2 minutos\" \/>\n<script type=\"application\/ld+json\" class=\"yoast-schema-graph\">{\"@context\":\"https:\\\/\\\/schema.org\",\"@graph\":[{\"@type\":[\"WebPage\",\"ItemPage\"],\"@id\":\"https:\\\/\\\/megafitness.cl\\\/store\\\/producto\\\/rdx-guantes-de-sparring-mma-t6-rojos-xl\\\/\",\"url\":\"https:\\\/\\\/megafitness.cl\\\/store\\\/producto\\\/rdx-guantes-de-sparring-mma-t6-rojos-xl\\\/\",\"name\":\"RDX Guantes De Sparring Mma - T6 - Rojos XL | Mega Fitness | Tienda\",\"isPartOf\":{\"@id\":\"https:\\\/\\\/megafitness.cl\\\/store\\\/#website\"},\"primaryImageOfPage\":{\"@id\":\"https:\\\/\\\/megafitness.cl\\\/store\\\/producto\\\/rdx-guantes-de-sparring-mma-t6-rojos-xl\\\/#primaryimage\"},\"image\":{\"@id\":\"https:\\\/\\\/megafitness.cl\\\/store\\\/producto\\\/rdx-guantes-de-sparring-mma-t6-rojos-xl\\\/#primaryimage\"},\"thumbnailUrl\":\"https:\\\/\\\/megafitness.cl\\\/store\\\/wp-content\\\/uploads\\\/sites\\\/3\\\/2024\\\/08\\\/rdx_t6_mma_sparring_gloves_7oz_-red_5__2_134df688-4bac-4775-8b22-0afa507e5924_960x_crop_center.webp\",\"datePublished\":\"2024-08-01T22:09:26+00:00\",\"dateModified\":\"2025-05-20T22:08:51+00:00\",\"breadcrumb\":{\"@id\":\"https:\\\/\\\/megafitness.cl\\\/store\\\/producto\\\/rdx-guantes-de-sparring-mma-t6-rojos-xl\\\/#breadcrumb\"},\"inLanguage\":\"es\",\"potentialAction\":[{\"@type\":\"ReadAction\",\"target\":[\"https:\\\/\\\/megafitness.cl\\\/store\\\/producto\\\/rdx-guantes-de-sparring-mma-t6-rojos-xl\\\/\"]}]},{\"@type\":\"ImageObject\",\"inLanguage\":\"es\",\"@id\":\"https:\\\/\\\/megafitness.cl\\\/store\\\/producto\\\/rdx-guantes-de-sparring-mma-t6-rojos-xl\\\/#primaryimage\",\"url\":\"https:\\\/\\\/megafitness.cl\\\/store\\\/wp-content\\\/uploads\\\/sites\\\/3\\\/2024\\\/08\\\/rdx_t6_mma_sparring_gloves_7oz_-red_5__2_134df688-4bac-4775-8b22-0afa507e5924_960x_crop_center.webp\",\"contentUrl\":\"https:\\\/\\\/megafitness.cl\\\/store\\\/wp-content\\\/uploads\\\/sites\\\/3\\\/2024\\\/08\\\/rdx_t6_mma_sparring_gloves_7oz_-red_5__2_134df688-4bac-4775-8b22-0afa507e5924_960x_crop_center.webp\",\"width\":700,\"height\":700},{\"@type\":\"BreadcrumbList\",\"@id\":\"https:\\\/\\\/megafitness.cl\\\/store\\\/producto\\\/rdx-guantes-de-sparring-mma-t6-rojos-xl\\\/#breadcrumb\",\"itemListElement\":[{\"@type\":\"ListItem\",\"position\":1,\"name\":\"Portada\",\"item\":\"https:\\\/\\\/megafitness.cl\\\/store\\\/\"},{\"@type\":\"ListItem\",\"position\":2,\"name\":\"Shop\",\"item\":\"https:\\\/\\\/megafitness.cl\\\/store\\\/shop\\\/\"},{\"@type\":\"ListItem\",\"position\":3,\"name\":\"RDX Guantes De Sparring Mma &#8211; T6 &#8211; Rojos XL\"}]},{\"@type\":\"WebSite\",\"@id\":\"https:\\\/\\\/megafitness.cl\\\/store\\\/#website\",\"url\":\"https:\\\/\\\/megafitness.cl\\\/store\\\/\",\"name\":\"Mega Fitness | Tienda\",\"description\":\"Tu Gimnasio en Providencia\",\"publisher\":{\"@id\":\"https:\\\/\\\/megafitness.cl\\\/store\\\/#organization\"},\"potentialAction\":[{\"@type\":\"SearchAction\",\"target\":{\"@type\":\"EntryPoint\",\"urlTemplate\":\"https:\\\/\\\/megafitness.cl\\\/store\\\/?s={search_term_string}\"},\"query-input\":{\"@type\":\"PropertyValueSpecification\",\"valueRequired\":true,\"valueName\":\"search_term_string\"}}],\"inLanguage\":\"es\"},{\"@type\":\"Organization\",\"@id\":\"https:\\\/\\\/megafitness.cl\\\/store\\\/#organization\",\"name\":\"Mega Fitness | Tienda\",\"url\":\"https:\\\/\\\/megafitness.cl\\\/store\\\/\",\"logo\":{\"@type\":\"ImageObject\",\"inLanguage\":\"es\",\"@id\":\"https:\\\/\\\/megafitness.cl\\\/store\\\/#\\\/schema\\\/logo\\\/image\\\/\",\"url\":\"https:\\\/\\\/megafitness.cl\\\/store\\\/wp-content\\\/uploads\\\/sites\\\/3\\\/2024\\\/08\\\/megafitnessLogo1Simple.svg\",\"contentUrl\":\"https:\\\/\\\/megafitness.cl\\\/store\\\/wp-content\\\/uploads\\\/sites\\\/3\\\/2024\\\/08\\\/megafitnessLogo1Simple.svg\",\"width\":197,\"height\":27,\"caption\":\"Mega Fitness | Tienda\"},\"image\":{\"@id\":\"https:\\\/\\\/megafitness.cl\\\/store\\\/#\\\/schema\\\/logo\\\/image\\\/\"}}]}<\/script>\n<!-- \/ Yoast SEO plugin. -->","yoast_head_json":{"title":"RDX Guantes De Sparring Mma - T6 - Rojos XL | Mega Fitness | Tienda","robots":{"index":"index","follow":"follow","max-snippet":"max-snippet:-1","max-image-preview":"max-image-preview:large","max-video-preview":"max-video-preview:-1"},"canonical":"https:\/\/megafitness.cl\/store\/producto\/rdx-guantes-de-sparring-mma-t6-rojos-xl\/","og_locale":"es_ES","og_type":"article","og_title":"RDX Guantes De Sparring Mma - T6 - Rojos XL | Mega Fitness | Tienda","og_description":"Guantes profesionales de MMA aprobados por la Asociaci\u00f3n Sueca. La Federaci\u00f3n Sueca de Artes Marciales Mixtas es el organismo rector nacional de MMA en Suecia. Aprovecha el poder con estos guantes de agarre de MMA de cuero Maya Hide, dise\u00f1ados para brindar comodidad, protecci\u00f3n y control livianos en cada pelea. Hechos a mano para resistir...","og_url":"https:\/\/megafitness.cl\/store\/producto\/rdx-guantes-de-sparring-mma-t6-rojos-xl\/","og_site_name":"Mega Fitness | Tienda","article_modified_time":"2025-05-20T22:08:51+00:00","og_image":[{"width":700,"height":700,"url":"https:\/\/megafitness.cl\/store\/wp-content\/uploads\/sites\/3\/2024\/08\/rdx_t6_mma_sparring_gloves_7oz_-red_5__2_134df688-4bac-4775-8b22-0afa507e5924_960x_crop_center.webp","type":"image\/webp"}],"twitter_card":"summary_large_image","twitter_misc":{"Tiempo de lectura":"2 minutos"},"schema":{"@context":"https:\/\/schema.org","@graph":[{"@type":["WebPage","ItemPage"],"@id":"https:\/\/megafitness.cl\/store\/producto\/rdx-guantes-de-sparring-mma-t6-rojos-xl\/","url":"https:\/\/megafitness.cl\/store\/producto\/rdx-guantes-de-sparring-mma-t6-rojos-xl\/","name":"RDX Guantes De Sparring Mma - T6 - Rojos XL | Mega Fitness | Tienda","isPartOf":{"@id":"https:\/\/megafitness.cl\/store\/#website"},"primaryImageOfPage":{"@id":"https:\/\/megafitness.cl\/store\/producto\/rdx-guantes-de-sparring-mma-t6-rojos-xl\/#primaryimage"},"image":{"@id":"https:\/\/megafitness.cl\/store\/producto\/rdx-guantes-de-sparring-mma-t6-rojos-xl\/#primaryimage"},"thumbnailUrl":"https:\/\/megafitness.cl\/store\/wp-content\/uploads\/sites\/3\/2024\/08\/rdx_t6_mma_sparring_gloves_7oz_-red_5__2_134df688-4bac-4775-8b22-0afa507e5924_960x_crop_center.webp","datePublished":"2024-08-01T22:09:26+00:00","dateModified":"2025-05-20T22:08:51+00:00","breadcrumb":{"@id":"https:\/\/megafitness.cl\/store\/producto\/rdx-guantes-de-sparring-mma-t6-rojos-xl\/#breadcrumb"},"inLanguage":"es","potentialAction":[{"@type":"ReadAction","target":["https:\/\/megafitness.cl\/store\/producto\/rdx-guantes-de-sparring-mma-t6-rojos-xl\/"]}]},{"@type":"ImageObject","inLanguage":"es","@id":"https:\/\/megafitness.cl\/store\/producto\/rdx-guantes-de-sparring-mma-t6-rojos-xl\/#primaryimage","url":"https:\/\/megafitness.cl\/store\/wp-content\/uploads\/sites\/3\/2024\/08\/rdx_t6_mma_sparring_gloves_7oz_-red_5__2_134df688-4bac-4775-8b22-0afa507e5924_960x_crop_center.webp","contentUrl":"https:\/\/megafitness.cl\/store\/wp-content\/uploads\/sites\/3\/2024\/08\/rdx_t6_mma_sparring_gloves_7oz_-red_5__2_134df688-4bac-4775-8b22-0afa507e5924_960x_crop_center.webp","width":700,"height":700},{"@type":"BreadcrumbList","@id":"https:\/\/megafitness.cl\/store\/producto\/rdx-guantes-de-sparring-mma-t6-rojos-xl\/#breadcrumb","itemListElement":[{"@type":"ListItem","position":1,"name":"Portada","item":"https:\/\/megafitness.cl\/store\/"},{"@type":"ListItem","position":2,"name":"Shop","item":"https:\/\/megafitness.cl\/store\/shop\/"},{"@type":"ListItem","position":3,"name":"RDX Guantes De Sparring Mma &#8211; T6 &#8211; Rojos XL"}]},{"@type":"WebSite","@id":"https:\/\/megafitness.cl\/store\/#website","url":"https:\/\/megafitness.cl\/store\/","name":"Mega Fitness | Tienda","description":"Tu Gimnasio en Providencia","publisher":{"@id":"https:\/\/megafitness.cl\/store\/#organization"},"potentialAction":[{"@type":"SearchAction","target":{"@type":"EntryPoint","urlTemplate":"https:\/\/megafitness.cl\/store\/?s={search_term_string}"},"query-input":{"@type":"PropertyValueSpecification","valueRequired":true,"valueName":"search_term_string"}}],"inLanguage":"es"},{"@type":"Organization","@id":"https:\/\/megafitness.cl\/store\/#organization","name":"Mega Fitness | Tienda","url":"https:\/\/megafitness.cl\/store\/","logo":{"@type":"ImageObject","inLanguage":"es","@id":"https:\/\/megafitness.cl\/store\/#\/schema\/logo\/image\/","url":"https:\/\/megafitness.cl\/store\/wp-content\/uploads\/sites\/3\/2024\/08\/megafitnessLogo1Simple.svg","contentUrl":"https:\/\/megafitness.cl\/store\/wp-content\/uploads\/sites\/3\/2024\/08\/megafitnessLogo1Simple.svg","width":197,"height":27,"caption":"Mega Fitness | Tienda"},"image":{"@id":"https:\/\/megafitness.cl\/store\/#\/schema\/logo\/image\/"}}]}},"_links":{"self":[{"href":"https:\/\/megafitness.cl\/store\/wp-json\/wp\/v2\/product\/1653","targetHints":{"allow":["GET"]}}],"collection":[{"href":"https:\/\/megafitness.cl\/store\/wp-json\/wp\/v2\/product"}],"about":[{"href":"https:\/\/megafitness.cl\/store\/wp-json\/wp\/v2\/types\/product"}],"replies":[{"embeddable":true,"href":"https:\/\/megafitness.cl\/store\/wp-json\/wp\/v2\/comments?post=1653"}],"wp:featuredmedia":[{"embeddable":true,"href":"https:\/\/megafitness.cl\/store\/wp-json\/wp\/v2\/media\/1654"}],"wp:attachment":[{"href":"https:\/\/megafitness.cl\/store\/wp-json\/wp\/v2\/media?parent=1653"}],"wp:term":[{"taxonomy":"product_brand","embeddable":true,"href":"https:\/\/megafitness.cl\/store\/wp-json\/wp\/v2\/product_brand?post=1653"},{"taxonomy":"product_cat","embeddable":true,"href":"https:\/\/megafitness.cl\/store\/wp-json\/wp\/v2\/product_cat?post=1653"},{"taxonomy":"product_tag","embeddable":true,"href":"https:\/\/megafitness.cl\/store\/wp-json\/wp\/v2\/product_tag?post=1653"}],"curies":[{"name":"wp","href":"https:\/\/api.w.org\/{rel}","templated":true}]}}