{"id":1721,"date":"2024-08-09T21:17:41","date_gmt":"2024-08-09T19:17:41","guid":{"rendered":"https:\/\/megafitness.cl\/store\/?post_type=product&#038;p=1721"},"modified":"2024-08-09T21:31:23","modified_gmt":"2024-08-09T19:31:23","slug":"rdx-guantes-de-boxeo-f7-ego-dorados-12oz","status":"publish","type":"product","link":"https:\/\/megafitness.cl\/store\/producto\/rdx-guantes-de-boxeo-f7-ego-dorados-12oz\/","title":{"rendered":"RDX Guantes de Boxeo F7 Ego &#8211; Blancos\/Dorados &#8211; 12OZ"},"content":{"rendered":"<p>Dise\u00f1ados para la batalla y respaldados con las tecnolog\u00edas m\u00e1s avanzadas, estos guantes de boxeo y entrenamiento son intocables en el ring. El revestimiento reforzado y el acolchado resistente a los golpes los convierten en los guantes ideales para sparring o kickboxing, fabricados con cuero Maya Hide para resistir los golpes m\u00e1s duros de tu oponente. Con perforaciones estrat\u00e9gicamente ubicadas, estos guantes de boxeo ofrecen m\u00e1xima ventilaci\u00f3n al absorber el sudor y mantener las manos tan frescas como la cabeza. Tambi\u00e9n dise\u00f1ado con una correa de mu\u00f1eca inteligente con velcro para mayor ajuste y soporte inmejorable para la mu\u00f1eca para ayudar a perfeccionar su t\u00e9cnica de golpe. (TAMA\u00d1OS DE 8OZ Y 10OZ RECOMENDADOS PARA HASTA 14 A\u00d1OS DE EDAD)<\/p>\n<p>&nbsp;<\/p>\n<p>Cuero Maya Hide\u2122 duradero dise\u00f1ado para durar y durar<\/p>\n<p>Shell Shock\u2122 gel Equilibrium Sheet triple acolchado para m\u00e1xima resistencia a los golpes<\/p>\n<p>Sistema de ventilaci\u00f3n S.P.P\u2122 para m\u00e1xima transpirabilidad de las manos.<\/p>\n<p>Gancho y bucle Quick-EZ\u2122 para un ajuste c\u00f3modo y un ajuste de tama\u00f1o sencillo<\/p>\n<p>Soporte de mu\u00f1eca para mejorar la forma de golpear.<\/p>\n","protected":false},"excerpt":{"rendered":"<p>Dise\u00f1ados para la batalla y respaldados con las tecnolog\u00edas m\u00e1s avanzadas, estos guantes de boxeo y entrenamiento son intocables en el ring. El revestimiento reforzado y el acolchado resistente a los golpes los convierten en los guantes ideales para sparring o kickboxing, fabricados con cuero Maya Hide para resistir los golpes m\u00e1s duros de tu&#8230;<\/p>\n","protected":false},"featured_media":1722,"comment_status":"open","ping_status":"closed","template":"","meta":{"_kad_post_transparent":"default","_kad_post_title":"","_kad_post_layout":"default","_kad_post_sidebar_id":"","_kad_post_content_style":"default","_kad_post_vertical_padding":"default","_kad_post_feature":"","_kad_post_feature_position":"","_kad_post_header":false,"_kad_post_footer":false,"_kad_post_classname":""},"product_brand":[],"product_cat":[24],"product_tag":[],"class_list":{"0":"post-1721","1":"product","2":"type-product","3":"status-publish","4":"has-post-thumbnail","6":"product_cat-guantes","8":"first","9":"instock","10":"shipping-taxable","11":"purchasable","12":"product-type-simple","13":"entry","14":"content-bg","15":"loop-entry"},"yoast_head":"<!-- This site is optimized with the Yoast SEO plugin v27.5 - https:\/\/yoast.com\/product\/yoast-seo-wordpress\/ -->\n<title>RDX Guantes de Boxeo F7 Ego - Blancos\/Dorados - 12OZ | Mega Fitness | Tienda<\/title>\n<meta name=\"robots\" content=\"index, follow, max-snippet:-1, max-image-preview:large, max-video-preview:-1\" \/>\n<link rel=\"canonical\" href=\"https:\/\/megafitness.cl\/store\/producto\/rdx-guantes-de-boxeo-f7-ego-dorados-12oz\/\" \/>\n<meta property=\"og:locale\" content=\"es_ES\" \/>\n<meta property=\"og:type\" content=\"article\" \/>\n<meta property=\"og:title\" content=\"RDX Guantes de Boxeo F7 Ego - Blancos\/Dorados - 12OZ | Mega Fitness | Tienda\" \/>\n<meta property=\"og:description\" content=\"Dise\u00f1ados para la batalla y respaldados con las tecnolog\u00edas m\u00e1s avanzadas, estos guantes de boxeo y entrenamiento son intocables en el ring. El revestimiento reforzado y el acolchado resistente a los golpes los convierten en los guantes ideales para sparring o kickboxing, fabricados con cuero Maya Hide para resistir los golpes m\u00e1s duros de tu...\" \/>\n<meta property=\"og:url\" content=\"https:\/\/megafitness.cl\/store\/producto\/rdx-guantes-de-boxeo-f7-ego-dorados-12oz\/\" \/>\n<meta property=\"og:site_name\" content=\"Mega Fitness | Tienda\" \/>\n<meta property=\"article:modified_time\" content=\"2024-08-09T19:31:23+00:00\" \/>\n<meta property=\"og:image\" content=\"https:\/\/megafitness.cl\/store\/wp-content\/uploads\/sites\/3\/2024\/08\/golden_training_boxing_gloves_1__4_1_fa109f6b-2394-4c1c-83ff-f133502de42e_960x_crop_center.webp\" \/>\n\t<meta property=\"og:image:width\" content=\"700\" \/>\n\t<meta property=\"og:image:height\" content=\"700\" \/>\n\t<meta property=\"og:image:type\" content=\"image\/webp\" \/>\n<meta name=\"twitter:card\" content=\"summary_large_image\" \/>\n<meta name=\"twitter:label1\" content=\"Tiempo de lectura\" \/>\n\t<meta name=\"twitter:data1\" content=\"1 minuto\" \/>\n<script type=\"application\/ld+json\" class=\"yoast-schema-graph\">{\"@context\":\"https:\\\/\\\/schema.org\",\"@graph\":[{\"@type\":[\"WebPage\",\"ItemPage\"],\"@id\":\"https:\\\/\\\/megafitness.cl\\\/store\\\/producto\\\/rdx-guantes-de-boxeo-f7-ego-dorados-12oz\\\/\",\"url\":\"https:\\\/\\\/megafitness.cl\\\/store\\\/producto\\\/rdx-guantes-de-boxeo-f7-ego-dorados-12oz\\\/\",\"name\":\"RDX Guantes de Boxeo F7 Ego - Blancos\\\/Dorados - 12OZ | Mega Fitness | Tienda\",\"isPartOf\":{\"@id\":\"https:\\\/\\\/megafitness.cl\\\/store\\\/#website\"},\"primaryImageOfPage\":{\"@id\":\"https:\\\/\\\/megafitness.cl\\\/store\\\/producto\\\/rdx-guantes-de-boxeo-f7-ego-dorados-12oz\\\/#primaryimage\"},\"image\":{\"@id\":\"https:\\\/\\\/megafitness.cl\\\/store\\\/producto\\\/rdx-guantes-de-boxeo-f7-ego-dorados-12oz\\\/#primaryimage\"},\"thumbnailUrl\":\"https:\\\/\\\/megafitness.cl\\\/store\\\/wp-content\\\/uploads\\\/sites\\\/3\\\/2024\\\/08\\\/golden_training_boxing_gloves_1__4_1_fa109f6b-2394-4c1c-83ff-f133502de42e_960x_crop_center.webp\",\"datePublished\":\"2024-08-09T19:17:41+00:00\",\"dateModified\":\"2024-08-09T19:31:23+00:00\",\"breadcrumb\":{\"@id\":\"https:\\\/\\\/megafitness.cl\\\/store\\\/producto\\\/rdx-guantes-de-boxeo-f7-ego-dorados-12oz\\\/#breadcrumb\"},\"inLanguage\":\"es\",\"potentialAction\":[{\"@type\":\"ReadAction\",\"target\":[\"https:\\\/\\\/megafitness.cl\\\/store\\\/producto\\\/rdx-guantes-de-boxeo-f7-ego-dorados-12oz\\\/\"]}]},{\"@type\":\"ImageObject\",\"inLanguage\":\"es\",\"@id\":\"https:\\\/\\\/megafitness.cl\\\/store\\\/producto\\\/rdx-guantes-de-boxeo-f7-ego-dorados-12oz\\\/#primaryimage\",\"url\":\"https:\\\/\\\/megafitness.cl\\\/store\\\/wp-content\\\/uploads\\\/sites\\\/3\\\/2024\\\/08\\\/golden_training_boxing_gloves_1__4_1_fa109f6b-2394-4c1c-83ff-f133502de42e_960x_crop_center.webp\",\"contentUrl\":\"https:\\\/\\\/megafitness.cl\\\/store\\\/wp-content\\\/uploads\\\/sites\\\/3\\\/2024\\\/08\\\/golden_training_boxing_gloves_1__4_1_fa109f6b-2394-4c1c-83ff-f133502de42e_960x_crop_center.webp\",\"width\":700,\"height\":700},{\"@type\":\"BreadcrumbList\",\"@id\":\"https:\\\/\\\/megafitness.cl\\\/store\\\/producto\\\/rdx-guantes-de-boxeo-f7-ego-dorados-12oz\\\/#breadcrumb\",\"itemListElement\":[{\"@type\":\"ListItem\",\"position\":1,\"name\":\"Portada\",\"item\":\"https:\\\/\\\/megafitness.cl\\\/store\\\/\"},{\"@type\":\"ListItem\",\"position\":2,\"name\":\"Shop\",\"item\":\"https:\\\/\\\/megafitness.cl\\\/store\\\/shop\\\/\"},{\"@type\":\"ListItem\",\"position\":3,\"name\":\"RDX Guantes de Boxeo F7 Ego &#8211; Blancos\\\/Dorados &#8211; 12OZ\"}]},{\"@type\":\"WebSite\",\"@id\":\"https:\\\/\\\/megafitness.cl\\\/store\\\/#website\",\"url\":\"https:\\\/\\\/megafitness.cl\\\/store\\\/\",\"name\":\"Mega Fitness | Tienda\",\"description\":\"Tu Gimnasio en Providencia\",\"publisher\":{\"@id\":\"https:\\\/\\\/megafitness.cl\\\/store\\\/#organization\"},\"potentialAction\":[{\"@type\":\"SearchAction\",\"target\":{\"@type\":\"EntryPoint\",\"urlTemplate\":\"https:\\\/\\\/megafitness.cl\\\/store\\\/?s={search_term_string}\"},\"query-input\":{\"@type\":\"PropertyValueSpecification\",\"valueRequired\":true,\"valueName\":\"search_term_string\"}}],\"inLanguage\":\"es\"},{\"@type\":\"Organization\",\"@id\":\"https:\\\/\\\/megafitness.cl\\\/store\\\/#organization\",\"name\":\"Mega Fitness | Tienda\",\"url\":\"https:\\\/\\\/megafitness.cl\\\/store\\\/\",\"logo\":{\"@type\":\"ImageObject\",\"inLanguage\":\"es\",\"@id\":\"https:\\\/\\\/megafitness.cl\\\/store\\\/#\\\/schema\\\/logo\\\/image\\\/\",\"url\":\"https:\\\/\\\/megafitness.cl\\\/store\\\/wp-content\\\/uploads\\\/sites\\\/3\\\/2024\\\/08\\\/megafitnessLogo1Simple.svg\",\"contentUrl\":\"https:\\\/\\\/megafitness.cl\\\/store\\\/wp-content\\\/uploads\\\/sites\\\/3\\\/2024\\\/08\\\/megafitnessLogo1Simple.svg\",\"width\":197,\"height\":27,\"caption\":\"Mega Fitness | Tienda\"},\"image\":{\"@id\":\"https:\\\/\\\/megafitness.cl\\\/store\\\/#\\\/schema\\\/logo\\\/image\\\/\"}}]}<\/script>\n<!-- \/ Yoast SEO plugin. -->","yoast_head_json":{"title":"RDX Guantes de Boxeo F7 Ego - Blancos\/Dorados - 12OZ | Mega Fitness | Tienda","robots":{"index":"index","follow":"follow","max-snippet":"max-snippet:-1","max-image-preview":"max-image-preview:large","max-video-preview":"max-video-preview:-1"},"canonical":"https:\/\/megafitness.cl\/store\/producto\/rdx-guantes-de-boxeo-f7-ego-dorados-12oz\/","og_locale":"es_ES","og_type":"article","og_title":"RDX Guantes de Boxeo F7 Ego - Blancos\/Dorados - 12OZ | Mega Fitness | Tienda","og_description":"Dise\u00f1ados para la batalla y respaldados con las tecnolog\u00edas m\u00e1s avanzadas, estos guantes de boxeo y entrenamiento son intocables en el ring. El revestimiento reforzado y el acolchado resistente a los golpes los convierten en los guantes ideales para sparring o kickboxing, fabricados con cuero Maya Hide para resistir los golpes m\u00e1s duros de tu...","og_url":"https:\/\/megafitness.cl\/store\/producto\/rdx-guantes-de-boxeo-f7-ego-dorados-12oz\/","og_site_name":"Mega Fitness | Tienda","article_modified_time":"2024-08-09T19:31:23+00:00","og_image":[{"width":700,"height":700,"url":"https:\/\/megafitness.cl\/store\/wp-content\/uploads\/sites\/3\/2024\/08\/golden_training_boxing_gloves_1__4_1_fa109f6b-2394-4c1c-83ff-f133502de42e_960x_crop_center.webp","type":"image\/webp"}],"twitter_card":"summary_large_image","twitter_misc":{"Tiempo de lectura":"1 minuto"},"schema":{"@context":"https:\/\/schema.org","@graph":[{"@type":["WebPage","ItemPage"],"@id":"https:\/\/megafitness.cl\/store\/producto\/rdx-guantes-de-boxeo-f7-ego-dorados-12oz\/","url":"https:\/\/megafitness.cl\/store\/producto\/rdx-guantes-de-boxeo-f7-ego-dorados-12oz\/","name":"RDX Guantes de Boxeo F7 Ego - Blancos\/Dorados - 12OZ | Mega Fitness | Tienda","isPartOf":{"@id":"https:\/\/megafitness.cl\/store\/#website"},"primaryImageOfPage":{"@id":"https:\/\/megafitness.cl\/store\/producto\/rdx-guantes-de-boxeo-f7-ego-dorados-12oz\/#primaryimage"},"image":{"@id":"https:\/\/megafitness.cl\/store\/producto\/rdx-guantes-de-boxeo-f7-ego-dorados-12oz\/#primaryimage"},"thumbnailUrl":"https:\/\/megafitness.cl\/store\/wp-content\/uploads\/sites\/3\/2024\/08\/golden_training_boxing_gloves_1__4_1_fa109f6b-2394-4c1c-83ff-f133502de42e_960x_crop_center.webp","datePublished":"2024-08-09T19:17:41+00:00","dateModified":"2024-08-09T19:31:23+00:00","breadcrumb":{"@id":"https:\/\/megafitness.cl\/store\/producto\/rdx-guantes-de-boxeo-f7-ego-dorados-12oz\/#breadcrumb"},"inLanguage":"es","potentialAction":[{"@type":"ReadAction","target":["https:\/\/megafitness.cl\/store\/producto\/rdx-guantes-de-boxeo-f7-ego-dorados-12oz\/"]}]},{"@type":"ImageObject","inLanguage":"es","@id":"https:\/\/megafitness.cl\/store\/producto\/rdx-guantes-de-boxeo-f7-ego-dorados-12oz\/#primaryimage","url":"https:\/\/megafitness.cl\/store\/wp-content\/uploads\/sites\/3\/2024\/08\/golden_training_boxing_gloves_1__4_1_fa109f6b-2394-4c1c-83ff-f133502de42e_960x_crop_center.webp","contentUrl":"https:\/\/megafitness.cl\/store\/wp-content\/uploads\/sites\/3\/2024\/08\/golden_training_boxing_gloves_1__4_1_fa109f6b-2394-4c1c-83ff-f133502de42e_960x_crop_center.webp","width":700,"height":700},{"@type":"BreadcrumbList","@id":"https:\/\/megafitness.cl\/store\/producto\/rdx-guantes-de-boxeo-f7-ego-dorados-12oz\/#breadcrumb","itemListElement":[{"@type":"ListItem","position":1,"name":"Portada","item":"https:\/\/megafitness.cl\/store\/"},{"@type":"ListItem","position":2,"name":"Shop","item":"https:\/\/megafitness.cl\/store\/shop\/"},{"@type":"ListItem","position":3,"name":"RDX Guantes de Boxeo F7 Ego &#8211; Blancos\/Dorados &#8211; 12OZ"}]},{"@type":"WebSite","@id":"https:\/\/megafitness.cl\/store\/#website","url":"https:\/\/megafitness.cl\/store\/","name":"Mega Fitness | Tienda","description":"Tu Gimnasio en Providencia","publisher":{"@id":"https:\/\/megafitness.cl\/store\/#organization"},"potentialAction":[{"@type":"SearchAction","target":{"@type":"EntryPoint","urlTemplate":"https:\/\/megafitness.cl\/store\/?s={search_term_string}"},"query-input":{"@type":"PropertyValueSpecification","valueRequired":true,"valueName":"search_term_string"}}],"inLanguage":"es"},{"@type":"Organization","@id":"https:\/\/megafitness.cl\/store\/#organization","name":"Mega Fitness | Tienda","url":"https:\/\/megafitness.cl\/store\/","logo":{"@type":"ImageObject","inLanguage":"es","@id":"https:\/\/megafitness.cl\/store\/#\/schema\/logo\/image\/","url":"https:\/\/megafitness.cl\/store\/wp-content\/uploads\/sites\/3\/2024\/08\/megafitnessLogo1Simple.svg","contentUrl":"https:\/\/megafitness.cl\/store\/wp-content\/uploads\/sites\/3\/2024\/08\/megafitnessLogo1Simple.svg","width":197,"height":27,"caption":"Mega Fitness | Tienda"},"image":{"@id":"https:\/\/megafitness.cl\/store\/#\/schema\/logo\/image\/"}}]}},"_links":{"self":[{"href":"https:\/\/megafitness.cl\/store\/wp-json\/wp\/v2\/product\/1721","targetHints":{"allow":["GET"]}}],"collection":[{"href":"https:\/\/megafitness.cl\/store\/wp-json\/wp\/v2\/product"}],"about":[{"href":"https:\/\/megafitness.cl\/store\/wp-json\/wp\/v2\/types\/product"}],"replies":[{"embeddable":true,"href":"https:\/\/megafitness.cl\/store\/wp-json\/wp\/v2\/comments?post=1721"}],"wp:featuredmedia":[{"embeddable":true,"href":"https:\/\/megafitness.cl\/store\/wp-json\/wp\/v2\/media\/1722"}],"wp:attachment":[{"href":"https:\/\/megafitness.cl\/store\/wp-json\/wp\/v2\/media?parent=1721"}],"wp:term":[{"taxonomy":"product_brand","embeddable":true,"href":"https:\/\/megafitness.cl\/store\/wp-json\/wp\/v2\/product_brand?post=1721"},{"taxonomy":"product_cat","embeddable":true,"href":"https:\/\/megafitness.cl\/store\/wp-json\/wp\/v2\/product_cat?post=1721"},{"taxonomy":"product_tag","embeddable":true,"href":"https:\/\/megafitness.cl\/store\/wp-json\/wp\/v2\/product_tag?post=1721"}],"curies":[{"name":"wp","href":"https:\/\/api.w.org\/{rel}","templated":true}]}}