{"id":2047,"date":"2025-08-19T22:34:55","date_gmt":"2025-08-19T20:34:55","guid":{"rendered":"https:\/\/megafitness.cl\/store\/?post_type=product&#038;p=2047"},"modified":"2025-08-20T00:07:01","modified_gmt":"2025-08-19T22:07:01","slug":"blaster-para-curl-de-biceps-rdx-t2-negro","status":"publish","type":"product","link":"https:\/\/megafitness.cl\/store\/producto\/blaster-para-curl-de-biceps-rdx-t2-negro\/","title":{"rendered":"Blaster para Curl de Biceps RDX T2 Negro"},"content":{"rendered":"<p>\u00a1Desata tus b\u00edceps con nuestro avanzado y supertecnol\u00f3gico b\u00edceps bomber! Una herramienta de entrenamiento de dise\u00f1o exclusivo para fortalecer tus brazos y concentrar todos los movimientos en la zona de b\u00edceps y tr\u00edceps al levantar pesas. Fabricado con el nailon m\u00e1s resistente para una potencia irrompible, con almohadillas de neopreno para mantener el cuello y los codos sujetos, perforado para aumentar el flujo de aire y dise\u00f1ado ergon\u00f3micamente para mantener tus brazos y hombros aislados durante los entrenamientos. Este b\u00edceps bomber de Iron Strength es el compa\u00f1ero de gimnasio definitivo para levantadores y culturistas.<\/p>\n<p>Dise\u00f1o de cintur\u00f3n de nailon de alta calidad, fabricado en hierro para una durabilidad incre\u00edble.Protectores de cuello y codos de neopreno resistentes y s\u00faper flexibles para mayor comodidad y rendimiento.Cintur\u00f3n perforado para una mejor transpirabilidad y ventilaci\u00f3n.Dise\u00f1ado ergon\u00f3micamente para un ajuste c\u00f3modo y para mantener los brazos y los hombros separados.Mide 23L x 4W x 4H y pesa 1 kg para un soporte m\u00e1ximo.<\/p>\n","protected":false},"excerpt":{"rendered":"<p>\u00a1Desata tus b\u00edceps con nuestro avanzado y supertecnol\u00f3gico b\u00edceps bomber! Una herramienta de entrenamiento de dise\u00f1o exclusivo para fortalecer tus brazos y concentrar todos los movimientos en la zona de b\u00edceps y tr\u00edceps al levantar pesas. Fabricado con el nailon m\u00e1s resistente para una potencia irrompible, con almohadillas de neopreno para mantener el cuello y&#8230;<\/p>\n","protected":false},"featured_media":2048,"comment_status":"open","ping_status":"closed","template":"","meta":{"_kad_post_transparent":"default","_kad_post_title":"","_kad_post_layout":"default","_kad_post_sidebar_id":"","_kad_post_content_style":"default","_kad_post_vertical_padding":"default","_kad_post_feature":"","_kad_post_feature_position":"","_kad_post_header":false,"_kad_post_footer":false,"_kad_post_classname":""},"product_brand":[],"product_cat":[29],"product_tag":[],"class_list":{"0":"post-2047","1":"product","2":"type-product","3":"status-publish","4":"has-post-thumbnail","6":"product_cat-otros","8":"first","9":"instock","10":"shipping-taxable","11":"purchasable","12":"product-type-simple","13":"entry","14":"content-bg","15":"loop-entry"},"yoast_head":"<!-- This site is optimized with the Yoast SEO plugin v27.5 - https:\/\/yoast.com\/product\/yoast-seo-wordpress\/ -->\n<title>Blaster para Curl de Biceps RDX T2 Negro | Mega Fitness | Tienda<\/title>\n<meta name=\"robots\" content=\"index, follow, max-snippet:-1, max-image-preview:large, max-video-preview:-1\" \/>\n<link rel=\"canonical\" href=\"https:\/\/megafitness.cl\/store\/producto\/blaster-para-curl-de-biceps-rdx-t2-negro\/\" \/>\n<meta property=\"og:locale\" content=\"es_ES\" \/>\n<meta property=\"og:type\" content=\"article\" \/>\n<meta property=\"og:title\" content=\"Blaster para Curl de Biceps RDX T2 Negro | Mega Fitness | Tienda\" \/>\n<meta property=\"og:description\" content=\"\u00a1Desata tus b\u00edceps con nuestro avanzado y supertecnol\u00f3gico b\u00edceps bomber! Una herramienta de entrenamiento de dise\u00f1o exclusivo para fortalecer tus brazos y concentrar todos los movimientos en la zona de b\u00edceps y tr\u00edceps al levantar pesas. Fabricado con el nailon m\u00e1s resistente para una potencia irrompible, con almohadillas de neopreno para mantener el cuello y...\" \/>\n<meta property=\"og:url\" content=\"https:\/\/megafitness.cl\/store\/producto\/blaster-para-curl-de-biceps-rdx-t2-negro\/\" \/>\n<meta property=\"og:site_name\" content=\"Mega Fitness | Tienda\" \/>\n<meta property=\"article:modified_time\" content=\"2025-08-19T22:07:01+00:00\" \/>\n<meta property=\"og:image\" content=\"https:\/\/megafitness.cl\/store\/wp-content\/uploads\/sites\/3\/2025\/08\/839d5ce7b77f9c7e82e5144eba2449ae.jpeg\" \/>\n\t<meta property=\"og:image:width\" content=\"500\" \/>\n\t<meta property=\"og:image:height\" content=\"500\" \/>\n\t<meta property=\"og:image:type\" content=\"image\/jpeg\" \/>\n<meta name=\"twitter:card\" content=\"summary_large_image\" \/>\n<meta name=\"twitter:label1\" content=\"Tiempo de lectura\" \/>\n\t<meta name=\"twitter:data1\" content=\"1 minuto\" \/>\n<script type=\"application\/ld+json\" class=\"yoast-schema-graph\">{\"@context\":\"https:\\\/\\\/schema.org\",\"@graph\":[{\"@type\":[\"WebPage\",\"ItemPage\"],\"@id\":\"https:\\\/\\\/megafitness.cl\\\/store\\\/producto\\\/blaster-para-curl-de-biceps-rdx-t2-negro\\\/\",\"url\":\"https:\\\/\\\/megafitness.cl\\\/store\\\/producto\\\/blaster-para-curl-de-biceps-rdx-t2-negro\\\/\",\"name\":\"Blaster para Curl de Biceps RDX T2 Negro | Mega Fitness | Tienda\",\"isPartOf\":{\"@id\":\"https:\\\/\\\/megafitness.cl\\\/store\\\/#website\"},\"primaryImageOfPage\":{\"@id\":\"https:\\\/\\\/megafitness.cl\\\/store\\\/producto\\\/blaster-para-curl-de-biceps-rdx-t2-negro\\\/#primaryimage\"},\"image\":{\"@id\":\"https:\\\/\\\/megafitness.cl\\\/store\\\/producto\\\/blaster-para-curl-de-biceps-rdx-t2-negro\\\/#primaryimage\"},\"thumbnailUrl\":\"https:\\\/\\\/megafitness.cl\\\/store\\\/wp-content\\\/uploads\\\/sites\\\/3\\\/2025\\\/08\\\/839d5ce7b77f9c7e82e5144eba2449ae.jpeg\",\"datePublished\":\"2025-08-19T20:34:55+00:00\",\"dateModified\":\"2025-08-19T22:07:01+00:00\",\"breadcrumb\":{\"@id\":\"https:\\\/\\\/megafitness.cl\\\/store\\\/producto\\\/blaster-para-curl-de-biceps-rdx-t2-negro\\\/#breadcrumb\"},\"inLanguage\":\"es\",\"potentialAction\":[{\"@type\":\"ReadAction\",\"target\":[\"https:\\\/\\\/megafitness.cl\\\/store\\\/producto\\\/blaster-para-curl-de-biceps-rdx-t2-negro\\\/\"]}]},{\"@type\":\"ImageObject\",\"inLanguage\":\"es\",\"@id\":\"https:\\\/\\\/megafitness.cl\\\/store\\\/producto\\\/blaster-para-curl-de-biceps-rdx-t2-negro\\\/#primaryimage\",\"url\":\"https:\\\/\\\/megafitness.cl\\\/store\\\/wp-content\\\/uploads\\\/sites\\\/3\\\/2025\\\/08\\\/839d5ce7b77f9c7e82e5144eba2449ae.jpeg\",\"contentUrl\":\"https:\\\/\\\/megafitness.cl\\\/store\\\/wp-content\\\/uploads\\\/sites\\\/3\\\/2025\\\/08\\\/839d5ce7b77f9c7e82e5144eba2449ae.jpeg\",\"width\":500,\"height\":500},{\"@type\":\"BreadcrumbList\",\"@id\":\"https:\\\/\\\/megafitness.cl\\\/store\\\/producto\\\/blaster-para-curl-de-biceps-rdx-t2-negro\\\/#breadcrumb\",\"itemListElement\":[{\"@type\":\"ListItem\",\"position\":1,\"name\":\"Portada\",\"item\":\"https:\\\/\\\/megafitness.cl\\\/store\\\/\"},{\"@type\":\"ListItem\",\"position\":2,\"name\":\"Shop\",\"item\":\"https:\\\/\\\/megafitness.cl\\\/store\\\/shop\\\/\"},{\"@type\":\"ListItem\",\"position\":3,\"name\":\"Blaster para Curl de Biceps RDX T2 Negro\"}]},{\"@type\":\"WebSite\",\"@id\":\"https:\\\/\\\/megafitness.cl\\\/store\\\/#website\",\"url\":\"https:\\\/\\\/megafitness.cl\\\/store\\\/\",\"name\":\"Mega Fitness | Tienda\",\"description\":\"Tu Gimnasio en Providencia\",\"publisher\":{\"@id\":\"https:\\\/\\\/megafitness.cl\\\/store\\\/#organization\"},\"potentialAction\":[{\"@type\":\"SearchAction\",\"target\":{\"@type\":\"EntryPoint\",\"urlTemplate\":\"https:\\\/\\\/megafitness.cl\\\/store\\\/?s={search_term_string}\"},\"query-input\":{\"@type\":\"PropertyValueSpecification\",\"valueRequired\":true,\"valueName\":\"search_term_string\"}}],\"inLanguage\":\"es\"},{\"@type\":\"Organization\",\"@id\":\"https:\\\/\\\/megafitness.cl\\\/store\\\/#organization\",\"name\":\"Mega Fitness | Tienda\",\"url\":\"https:\\\/\\\/megafitness.cl\\\/store\\\/\",\"logo\":{\"@type\":\"ImageObject\",\"inLanguage\":\"es\",\"@id\":\"https:\\\/\\\/megafitness.cl\\\/store\\\/#\\\/schema\\\/logo\\\/image\\\/\",\"url\":\"https:\\\/\\\/megafitness.cl\\\/store\\\/wp-content\\\/uploads\\\/sites\\\/3\\\/2024\\\/08\\\/megafitnessLogo1Simple.svg\",\"contentUrl\":\"https:\\\/\\\/megafitness.cl\\\/store\\\/wp-content\\\/uploads\\\/sites\\\/3\\\/2024\\\/08\\\/megafitnessLogo1Simple.svg\",\"width\":197,\"height\":27,\"caption\":\"Mega Fitness | Tienda\"},\"image\":{\"@id\":\"https:\\\/\\\/megafitness.cl\\\/store\\\/#\\\/schema\\\/logo\\\/image\\\/\"}}]}<\/script>\n<!-- \/ Yoast SEO plugin. -->","yoast_head_json":{"title":"Blaster para Curl de Biceps RDX T2 Negro | Mega Fitness | Tienda","robots":{"index":"index","follow":"follow","max-snippet":"max-snippet:-1","max-image-preview":"max-image-preview:large","max-video-preview":"max-video-preview:-1"},"canonical":"https:\/\/megafitness.cl\/store\/producto\/blaster-para-curl-de-biceps-rdx-t2-negro\/","og_locale":"es_ES","og_type":"article","og_title":"Blaster para Curl de Biceps RDX T2 Negro | Mega Fitness | Tienda","og_description":"\u00a1Desata tus b\u00edceps con nuestro avanzado y supertecnol\u00f3gico b\u00edceps bomber! Una herramienta de entrenamiento de dise\u00f1o exclusivo para fortalecer tus brazos y concentrar todos los movimientos en la zona de b\u00edceps y tr\u00edceps al levantar pesas. Fabricado con el nailon m\u00e1s resistente para una potencia irrompible, con almohadillas de neopreno para mantener el cuello y...","og_url":"https:\/\/megafitness.cl\/store\/producto\/blaster-para-curl-de-biceps-rdx-t2-negro\/","og_site_name":"Mega Fitness | Tienda","article_modified_time":"2025-08-19T22:07:01+00:00","og_image":[{"width":500,"height":500,"url":"https:\/\/megafitness.cl\/store\/wp-content\/uploads\/sites\/3\/2025\/08\/839d5ce7b77f9c7e82e5144eba2449ae.jpeg","type":"image\/jpeg"}],"twitter_card":"summary_large_image","twitter_misc":{"Tiempo de lectura":"1 minuto"},"schema":{"@context":"https:\/\/schema.org","@graph":[{"@type":["WebPage","ItemPage"],"@id":"https:\/\/megafitness.cl\/store\/producto\/blaster-para-curl-de-biceps-rdx-t2-negro\/","url":"https:\/\/megafitness.cl\/store\/producto\/blaster-para-curl-de-biceps-rdx-t2-negro\/","name":"Blaster para Curl de Biceps RDX T2 Negro | Mega Fitness | Tienda","isPartOf":{"@id":"https:\/\/megafitness.cl\/store\/#website"},"primaryImageOfPage":{"@id":"https:\/\/megafitness.cl\/store\/producto\/blaster-para-curl-de-biceps-rdx-t2-negro\/#primaryimage"},"image":{"@id":"https:\/\/megafitness.cl\/store\/producto\/blaster-para-curl-de-biceps-rdx-t2-negro\/#primaryimage"},"thumbnailUrl":"https:\/\/megafitness.cl\/store\/wp-content\/uploads\/sites\/3\/2025\/08\/839d5ce7b77f9c7e82e5144eba2449ae.jpeg","datePublished":"2025-08-19T20:34:55+00:00","dateModified":"2025-08-19T22:07:01+00:00","breadcrumb":{"@id":"https:\/\/megafitness.cl\/store\/producto\/blaster-para-curl-de-biceps-rdx-t2-negro\/#breadcrumb"},"inLanguage":"es","potentialAction":[{"@type":"ReadAction","target":["https:\/\/megafitness.cl\/store\/producto\/blaster-para-curl-de-biceps-rdx-t2-negro\/"]}]},{"@type":"ImageObject","inLanguage":"es","@id":"https:\/\/megafitness.cl\/store\/producto\/blaster-para-curl-de-biceps-rdx-t2-negro\/#primaryimage","url":"https:\/\/megafitness.cl\/store\/wp-content\/uploads\/sites\/3\/2025\/08\/839d5ce7b77f9c7e82e5144eba2449ae.jpeg","contentUrl":"https:\/\/megafitness.cl\/store\/wp-content\/uploads\/sites\/3\/2025\/08\/839d5ce7b77f9c7e82e5144eba2449ae.jpeg","width":500,"height":500},{"@type":"BreadcrumbList","@id":"https:\/\/megafitness.cl\/store\/producto\/blaster-para-curl-de-biceps-rdx-t2-negro\/#breadcrumb","itemListElement":[{"@type":"ListItem","position":1,"name":"Portada","item":"https:\/\/megafitness.cl\/store\/"},{"@type":"ListItem","position":2,"name":"Shop","item":"https:\/\/megafitness.cl\/store\/shop\/"},{"@type":"ListItem","position":3,"name":"Blaster para Curl de Biceps RDX T2 Negro"}]},{"@type":"WebSite","@id":"https:\/\/megafitness.cl\/store\/#website","url":"https:\/\/megafitness.cl\/store\/","name":"Mega Fitness | Tienda","description":"Tu Gimnasio en Providencia","publisher":{"@id":"https:\/\/megafitness.cl\/store\/#organization"},"potentialAction":[{"@type":"SearchAction","target":{"@type":"EntryPoint","urlTemplate":"https:\/\/megafitness.cl\/store\/?s={search_term_string}"},"query-input":{"@type":"PropertyValueSpecification","valueRequired":true,"valueName":"search_term_string"}}],"inLanguage":"es"},{"@type":"Organization","@id":"https:\/\/megafitness.cl\/store\/#organization","name":"Mega Fitness | Tienda","url":"https:\/\/megafitness.cl\/store\/","logo":{"@type":"ImageObject","inLanguage":"es","@id":"https:\/\/megafitness.cl\/store\/#\/schema\/logo\/image\/","url":"https:\/\/megafitness.cl\/store\/wp-content\/uploads\/sites\/3\/2024\/08\/megafitnessLogo1Simple.svg","contentUrl":"https:\/\/megafitness.cl\/store\/wp-content\/uploads\/sites\/3\/2024\/08\/megafitnessLogo1Simple.svg","width":197,"height":27,"caption":"Mega Fitness | Tienda"},"image":{"@id":"https:\/\/megafitness.cl\/store\/#\/schema\/logo\/image\/"}}]}},"_links":{"self":[{"href":"https:\/\/megafitness.cl\/store\/wp-json\/wp\/v2\/product\/2047","targetHints":{"allow":["GET"]}}],"collection":[{"href":"https:\/\/megafitness.cl\/store\/wp-json\/wp\/v2\/product"}],"about":[{"href":"https:\/\/megafitness.cl\/store\/wp-json\/wp\/v2\/types\/product"}],"replies":[{"embeddable":true,"href":"https:\/\/megafitness.cl\/store\/wp-json\/wp\/v2\/comments?post=2047"}],"wp:featuredmedia":[{"embeddable":true,"href":"https:\/\/megafitness.cl\/store\/wp-json\/wp\/v2\/media\/2048"}],"wp:attachment":[{"href":"https:\/\/megafitness.cl\/store\/wp-json\/wp\/v2\/media?parent=2047"}],"wp:term":[{"taxonomy":"product_brand","embeddable":true,"href":"https:\/\/megafitness.cl\/store\/wp-json\/wp\/v2\/product_brand?post=2047"},{"taxonomy":"product_cat","embeddable":true,"href":"https:\/\/megafitness.cl\/store\/wp-json\/wp\/v2\/product_cat?post=2047"},{"taxonomy":"product_tag","embeddable":true,"href":"https:\/\/megafitness.cl\/store\/wp-json\/wp\/v2\/product_tag?post=2047"}],"curies":[{"name":"wp","href":"https:\/\/api.w.org\/{rel}","templated":true}]}}